Last updated on 2025-05-08 04:52:17 CEST.
Flavor | Version | Tinstall | Tcheck | Ttotal | Status | Flags |
---|---|---|---|---|---|---|
r-devel-linux-x86_64-debian-clang | 1.0 | 2.15 | 38.24 | 40.39 | NOTE | |
r-devel-linux-x86_64-debian-gcc | 1.0 | 1.66 | 29.03 | 30.69 | NOTE | |
r-devel-linux-x86_64-fedora-clang | 1.0 | 64.23 | OK | |||
r-devel-linux-x86_64-fedora-gcc | 1.0 | 79.39 | OK | |||
r-devel-windows-x86_64 | 1.0 | 3.00 | 61.00 | 64.00 | OK | |
r-patched-linux-x86_64 | 1.0 | 2.45 | 37.49 | 39.94 | OK | |
r-release-linux-x86_64 | 1.0 | 2.13 | 37.60 | 39.73 | OK | |
r-release-macos-arm64 | 1.0 | 35.00 | OK | |||
r-release-macos-x86_64 | 1.0 | 58.00 | OK | |||
r-release-windows-x86_64 | 1.0 | 3.00 | 65.00 | 68.00 | OK | |
r-oldrel-macos-arm64 | 1.0 | 28.00 | OK | |||
r-oldrel-macos-x86_64 | 1.0 | 44.00 | OK | |||
r-oldrel-windows-x86_64 | 1.0 | 5.00 | 73.00 | 78.00 | OK |
Version: 1.0
Check: CRAN incoming feasibility
Result: NOTE
Maintainer: ‘Lu Mao <lmao@biostat.wisc.edu>’
No Authors@R field in DESCRIPTION.
Please add one, modifying
Authors@R: person(given = "Lu",
family = "Mao",
role = c("aut", "cre"),
email = "lmao@biostat.wisc.edu")
as necessary.
Flavors: r-devel-linux-x86_64-debian-clang, r-devel-linux-x86_64-debian-gcc
These binaries (installable software) and packages are in development.
They may not be fully stable and should be used with caution. We make no claims about them.