CRAN Package Check Results for Package rmt

Last updated on 2025-10-03 03:50:55 CEST.

Flavor Version Tinstall Tcheck Ttotal Status Flags
r-devel-linux-x86_64-debian-clang 1.0 2.06 40.35 42.41 NOTE
r-devel-linux-x86_64-debian-gcc 1.0 1.68 30.42 32.10 NOTE
r-devel-linux-x86_64-fedora-clang 1.0 64.92 OK
r-devel-linux-x86_64-fedora-gcc 1.0 80.86 OK
r-devel-windows-x86_64 1.0 4.00 61.00 65.00 OK
r-patched-linux-x86_64 1.0 2.43 39.41 41.84 OK
r-release-linux-x86_64 1.0 2.18 39.57 41.75 OK
r-release-macos-arm64 1.0 35.00 OK
r-release-macos-x86_64 1.0 58.00 OK
r-release-windows-x86_64 1.0 3.00 63.00 66.00 OK
r-oldrel-macos-arm64 1.0 28.00 OK
r-oldrel-macos-x86_64 1.0 44.00 OK
r-oldrel-windows-x86_64 1.0 4.00 80.00 84.00 OK

Check Details

Version: 1.0
Check: CRAN incoming feasibility
Result: NOTE Maintainer: ‘Lu Mao <lmao@biostat.wisc.edu>’ No Authors@R field in DESCRIPTION. Please add one, modifying Authors@R: person(given = "Lu", family = "Mao", role = c("aut", "cre"), email = "lmao@biostat.wisc.edu") as necessary. Flavors: r-devel-linux-x86_64-debian-clang, r-devel-linux-x86_64-debian-gcc

These binaries (installable software) and packages are in development.
They may not be fully stable and should be used with caution. We make no claims about them.