CRAN Package Check Results for Package rmytarget

Last updated on 2025-05-08 04:52:17 CEST.

Flavor Version Tinstall Tcheck Ttotal Status Flags
r-devel-linux-x86_64-debian-clang 2.4.0 6.34 53.03 59.37 NOTE
r-devel-linux-x86_64-debian-gcc 2.4.0 4.42 40.23 44.65 NOTE
r-devel-linux-x86_64-fedora-clang 2.4.0 93.25 NOTE
r-devel-linux-x86_64-fedora-gcc 2.4.0 101.30 NOTE
r-devel-windows-x86_64 2.4.0 7.00 69.00 76.00 NOTE
r-patched-linux-x86_64 2.4.0 6.40 49.50 55.90 NOTE
r-release-linux-x86_64 2.4.0 6.94 49.25 56.19 NOTE
r-release-macos-arm64 2.4.0 39.00 NOTE
r-release-macos-x86_64 2.4.0 68.00 NOTE
r-release-windows-x86_64 2.4.0 8.00 71.00 79.00 NOTE
r-oldrel-macos-arm64 2.4.0 37.00 NOTE
r-oldrel-macos-x86_64 2.4.0 54.00 NOTE
r-oldrel-windows-x86_64 2.4.0 9.00 80.00 89.00 NOTE

Check Details

Version: 2.4.0
Check: Rd files
Result: NOTE checkRd: (-1) myTarGetClientList.Rd:33: Lost braces 33 | {MyTarget API Documenation}{https://target.my.com/doc/api/detailed/#resource_agency_clients} | ^ Flavors: r-devel-linux-x86_64-debian-clang, r-devel-linux-x86_64-debian-gcc, r-devel-linux-x86_64-fedora-clang, r-devel-linux-x86_64-fedora-gcc, r-devel-windows-x86_64, r-patched-linux-x86_64, r-release-linux-x86_64, r-release-macos-arm64, r-release-macos-x86_64, r-release-windows-x86_64, r-oldrel-macos-arm64, r-oldrel-macos-x86_64, r-oldrel-windows-x86_64

These binaries (installable software) and packages are in development.
They may not be fully stable and should be used with caution. We make no claims about them.