Last updated on 2025-11-12 11:51:25 CET.
| Flavor | Version | Tinstall | Tcheck | Ttotal | Status | Flags |
|---|---|---|---|---|---|---|
| r-devel-linux-x86_64-debian-clang | 0.1.4 | 37.31 | 392.45 | 429.76 | OK | |
| r-devel-linux-x86_64-debian-gcc | 0.1.4 | 24.13 | 274.90 | 299.03 | OK | |
| r-devel-linux-x86_64-fedora-clang | 0.1.4 | 89.00 | 594.95 | 683.95 | OK | |
| r-devel-linux-x86_64-fedora-gcc | 0.1.4 | 79.00 | 625.87 | 704.87 | OK | |
| r-devel-windows-x86_64 | 0.1.4 | 36.00 | 550.00 | 586.00 | OK | |
| r-patched-linux-x86_64 | 0.1.4 | 34.96 | 379.02 | 413.98 | OK | |
| r-release-linux-x86_64 | 0.1.4 | 34.04 | 376.82 | 410.86 | OK | |
| r-release-macos-arm64 | 0.1.4 | 16.00 | 198.00 | 214.00 | OK | |
| r-release-macos-x86_64 | 0.1.4 | 35.00 | 430.00 | 465.00 | OK | |
| r-release-windows-x86_64 | 0.1.4 | 35.00 | 532.00 | 567.00 | OK | |
| r-oldrel-macos-arm64 | 0.1.4 | 14.00 | 173.00 | 187.00 | OK | |
| r-oldrel-macos-x86_64 | 0.1.4 | 56.00 | 374.00 | 430.00 | OK | |
| r-oldrel-windows-x86_64 | 0.1.4 | 51.00 | 670.00 | 721.00 | ERROR |
Version: 0.1.4
Check: re-building of vignette outputs
Result: ERROR
Error(s) in re-building vignettes:
--- re-building 'rnaCrosslinkOO.Rmd' using rmarkdown
File rnaCrosslinkProtocol.jpg not found in resource path
Error: processing vignette 'rnaCrosslinkOO.Rmd' failed with diagnostics:
pandoc document conversion failed with error 99
--- failed re-building 'rnaCrosslinkOO.Rmd'
SUMMARY: processing the following file failed:
'rnaCrosslinkOO.Rmd'
Error: Vignette re-building failed.
Execution halted
Flavor: r-oldrel-windows-x86_64
These binaries (installable software) and packages are in development.
They may not be fully stable and should be used with caution. We make no claims about them.