Last updated on 2025-05-08 04:52:17 CEST.
Flavor | Version | Tinstall | Tcheck | Ttotal | Status | Flags |
---|---|---|---|---|---|---|
r-devel-linux-x86_64-debian-clang | 1.0.1 | 22.66 | 209.22 | 231.88 | OK | |
r-devel-linux-x86_64-debian-gcc | 1.0.1 | 13.09 | 133.26 | 146.35 | OK | |
r-devel-linux-x86_64-fedora-clang | 1.0.1 | 399.63 | OK | |||
r-devel-linux-x86_64-fedora-gcc | 1.0.1 | 370.97 | OK | |||
r-devel-windows-x86_64 | 1.0.1 | 21.00 | 168.00 | 189.00 | OK | |
r-patched-linux-x86_64 | 1.0.1 | 23.70 | 197.72 | 221.42 | OK | |
r-release-linux-x86_64 | 1.0.1 | 22.03 | 194.78 | 216.81 | OK | |
r-release-macos-arm64 | 1.0.1 | 92.00 | OK | |||
r-release-macos-x86_64 | 1.0.1 | 226.00 | OK | |||
r-release-windows-x86_64 | 1.0.1 | 21.00 | 171.00 | 192.00 | OK | |
r-oldrel-macos-arm64 | 1.0.1 | 91.00 | NOTE | |||
r-oldrel-macos-x86_64 | 1.0.1 | 150.00 | NOTE | |||
r-oldrel-windows-x86_64 | 1.0.1 | 29.00 | 220.00 | 249.00 | NOTE |
Version: 1.0.1
Check: package dependencies
Result: NOTE
Package suggested but not available for checking: ‘rnaturalearthhires’
Flavors: r-oldrel-macos-arm64, r-oldrel-macos-x86_64, r-oldrel-windows-x86_64
These binaries (installable software) and packages are in development.
They may not be fully stable and should be used with caution. We make no claims about them.