Last updated on 2025-02-16 08:50:59 CET.
Flavor | Version | Tinstall | Tcheck | Ttotal | Status | Flags |
---|---|---|---|---|---|---|
r-devel-linux-x86_64-debian-clang | 1.0.1 | 22.47 | 204.46 | 226.93 | OK | |
r-devel-linux-x86_64-debian-gcc | 1.0.1 | 13.88 | 128.47 | 142.35 | OK | |
r-devel-linux-x86_64-fedora-clang | 1.0.1 | 401.10 | OK | |||
r-devel-linux-x86_64-fedora-gcc | 1.0.1 | 355.38 | OK | |||
r-devel-macos-arm64 | 1.0.1 | 91.00 | OK | |||
r-devel-macos-x86_64 | 1.0.1 | 219.00 | OK | |||
r-devel-windows-x86_64 | 1.0.1 | 20.00 | 167.00 | 187.00 | OK | |
r-patched-linux-x86_64 | 1.0.1 | 22.47 | 191.99 | 214.46 | NOTE | |
r-release-linux-x86_64 | 1.0.1 | 20.40 | 190.03 | 210.43 | NOTE | |
r-release-macos-arm64 | 1.0.1 | 91.00 | NOTE | |||
r-release-macos-x86_64 | 1.0.1 | 150.00 | NOTE | |||
r-release-windows-x86_64 | 1.0.1 | 20.00 | 160.00 | 180.00 | NOTE | |
r-oldrel-macos-arm64 | 1.0.1 | 96.00 | NOTE | |||
r-oldrel-macos-x86_64 | 1.0.1 | 193.00 | NOTE | |||
r-oldrel-windows-x86_64 | 1.0.1 | 27.00 | 216.00 | 243.00 | NOTE |
Version: 1.0.1
Check: package dependencies
Result: NOTE
Package suggested but not available for checking: ‘rnaturalearthhires’
Flavors: r-patched-linux-x86_64, r-release-linux-x86_64, r-release-macos-arm64, r-release-macos-x86_64, r-release-windows-x86_64, r-oldrel-macos-arm64, r-oldrel-macos-x86_64, r-oldrel-windows-x86_64
These binaries (installable software) and packages are in development.
They may not be fully stable and should be used with caution. We make no claims about them.