Last updated on 2025-07-26 07:50:33 CEST.
Flavor | Version | Tinstall | Tcheck | Ttotal | Status | Flags |
---|---|---|---|---|---|---|
r-devel-linux-x86_64-debian-clang | 1.0.1 | 22.37 | 208.86 | 231.23 | OK | |
r-devel-linux-x86_64-debian-gcc | 1.0.1 | 14.76 | 130.16 | 144.92 | OK | |
r-devel-linux-x86_64-fedora-clang | 1.0.1 | 398.03 | OK | |||
r-devel-linux-x86_64-fedora-gcc | 1.0.1 | 377.08 | OK | |||
r-devel-windows-x86_64 | 1.0.1 | 22.00 | 167.00 | 189.00 | OK | |
r-patched-linux-x86_64 | 1.0.1 | 23.23 | 195.66 | 218.89 | OK | |
r-release-linux-x86_64 | 1.0.1 | 20.74 | 199.03 | 219.77 | OK | |
r-release-macos-arm64 | 1.0.1 | 92.00 | OK | |||
r-release-macos-x86_64 | 1.0.1 | 226.00 | OK | |||
r-release-windows-x86_64 | 1.0.1 | 22.00 | 170.00 | 192.00 | OK | |
r-oldrel-macos-arm64 | 1.0.1 | 91.00 | NOTE | |||
r-oldrel-macos-x86_64 | 1.0.1 | 150.00 | NOTE | |||
r-oldrel-windows-x86_64 | 1.0.1 | 29.00 | 228.00 | 257.00 | NOTE |
Version: 1.0.1
Check: package dependencies
Result: NOTE
Package suggested but not available for checking: ‘rnaturalearthhires’
Flavors: r-oldrel-macos-arm64, r-oldrel-macos-x86_64, r-oldrel-windows-x86_64
These binaries (installable software) and packages are in development.
They may not be fully stable and should be used with caution. We make no claims about them.