Last updated on 2025-05-03 22:50:07 CEST.
Flavor | Version | Tinstall | Tcheck | Ttotal | Status | Flags |
---|---|---|---|---|---|---|
r-devel-linux-x86_64-debian-clang | 1.9.0 | 3.42 | 184.88 | 188.30 | NOTE | |
r-devel-linux-x86_64-debian-gcc | 1.9.0 | 2.56 | 107.36 | 109.92 | NOTE | |
r-devel-linux-x86_64-fedora-clang | 1.9.0 | 311.96 | NOTE | |||
r-devel-linux-x86_64-fedora-gcc | 1.9.0 | 312.45 | NOTE | |||
r-devel-windows-x86_64 | 1.9.0 | 5.00 | 172.00 | 177.00 | OK | |
r-patched-linux-x86_64 | 1.9.0 | 3.89 | 171.28 | 175.17 | OK | |
r-release-linux-x86_64 | OK | |||||
r-release-macos-arm64 | 1.9.0 | 87.00 | OK | |||
r-release-macos-x86_64 | 1.9.0 | 162.00 | OK | |||
r-release-windows-x86_64 | 1.9.0 | 5.00 | 172.00 | 177.00 | OK | |
r-oldrel-macos-arm64 | 1.9.0 | 70.00 | OK | |||
r-oldrel-macos-x86_64 | 1.9.0 | 142.00 | OK | |||
r-oldrel-windows-x86_64 | 1.9.0 | 6.00 | 238.00 | 244.00 | OK |
Version: 1.9.0
Check: CRAN incoming feasibility
Result: NOTE
Maintainer: ‘Bastiaan Quast <bquast@gmail.com>’
The Description field contains
<arXiv:1412.3555>) and vanilla RNN.
Please refer to arXiv e-prints via their arXiv DOI <doi:10.48550/arXiv.YYMM.NNNNN>.
Flavors: r-devel-linux-x86_64-debian-clang, r-devel-linux-x86_64-debian-gcc
Version: 1.9.0
Check: dependencies in R code
Result: NOTE
Namespace in Imports field not imported from: ‘attention’
All declared Imports should be used.
Flavors: r-devel-linux-x86_64-fedora-clang, r-devel-linux-x86_64-fedora-gcc
These binaries (installable software) and packages are in development.
They may not be fully stable and should be used with caution. We make no claims about them.