Last updated on 2025-11-13 01:50:32 CET.
| Flavor | Version | Tinstall | Tcheck | Ttotal | Status | Flags |
|---|---|---|---|---|---|---|
| r-devel-linux-x86_64-debian-clang | 1.9.0 | 3.16 | 186.21 | 189.37 | NOTE | |
| r-devel-linux-x86_64-debian-gcc | 1.9.0 | 2.23 | 107.79 | 110.02 | NOTE | |
| r-devel-linux-x86_64-fedora-clang | 1.9.0 | 307.29 | NOTE | |||
| r-devel-linux-x86_64-fedora-gcc | 1.9.0 | 20.00 | 313.50 | 333.50 | NOTE | |
| r-devel-windows-x86_64 | 1.9.0 | 5.00 | 171.00 | 176.00 | OK | |
| r-patched-linux-x86_64 | 1.9.0 | 3.48 | 171.22 | 174.70 | OK | |
| r-release-linux-x86_64 | 1.9.0 | 3.31 | 169.87 | 173.18 | OK | |
| r-release-macos-arm64 | 1.9.0 | 2.00 | 85.00 | 87.00 | OK | |
| r-release-macos-x86_64 | 1.9.0 | 2.00 | 160.00 | 162.00 | OK | |
| r-release-windows-x86_64 | 1.9.0 | 5.00 | 168.00 | 173.00 | OK | |
| r-oldrel-macos-arm64 | 1.9.0 | 1.00 | 69.00 | 70.00 | OK | |
| r-oldrel-macos-x86_64 | 1.9.0 | 3.00 | 139.00 | 142.00 | OK | |
| r-oldrel-windows-x86_64 | 1.9.0 | 5.00 | 238.00 | 243.00 | OK |
Version: 1.9.0
Check: CRAN incoming feasibility
Result: NOTE
Maintainer: ‘Bastiaan Quast <bquast@gmail.com>’
The Description field contains
<arXiv:1412.3555>) and vanilla RNN.
Please refer to arXiv e-prints via their arXiv DOI <doi:10.48550/arXiv.YYMM.NNNNN>.
Flavors: r-devel-linux-x86_64-debian-clang, r-devel-linux-x86_64-debian-gcc
Version: 1.9.0
Check: dependencies in R code
Result: NOTE
Namespace in Imports field not imported from: ‘attention’
All declared Imports should be used.
Flavors: r-devel-linux-x86_64-fedora-clang, r-devel-linux-x86_64-fedora-gcc
These binaries (installable software) and packages are in development.
They may not be fully stable and should be used with caution. We make no claims about them.