Last updated on 2025-02-16 08:50:59 CET.
Flavor | Version | Tinstall | Tcheck | Ttotal | Status | Flags |
---|---|---|---|---|---|---|
r-devel-linux-x86_64-debian-clang | 0.1.6 | 104.76 | 98.22 | 202.98 | OK | |
r-devel-linux-x86_64-debian-gcc | 0.1.6 | 96.10 | 76.78 | 172.88 | OK | |
r-devel-linux-x86_64-fedora-clang | 0.1.6 | 374.22 | OK | |||
r-devel-linux-x86_64-fedora-gcc | 0.1.6 | 447.59 | OK | |||
r-devel-macos-arm64 | 0.1.6 | 116.00 | OK | |||
r-devel-macos-x86_64 | 0.1.6 | 178.00 | OK | |||
r-devel-windows-x86_64 | 0.1.6 | 122.00 | 145.00 | 267.00 | OK | |
r-patched-linux-x86_64 | 0.1.6 | 120.29 | 92.79 | 213.08 | OK | |
r-release-linux-x86_64 | 0.1.6 | 126.54 | 92.80 | 219.34 | OK | |
r-release-macos-arm64 | 0.1.6 | 128.00 | NOTE | |||
r-release-macos-x86_64 | 0.1.6 | 129.00 | NOTE | |||
r-release-windows-x86_64 | 0.1.6 | 123.00 | 144.00 | 267.00 | OK | |
r-oldrel-macos-arm64 | 0.1.6 | 116.00 | NOTE | |||
r-oldrel-macos-x86_64 | 0.1.6 | 191.00 | NOTE | |||
r-oldrel-windows-x86_64 | 0.1.6 | 151.00 | 193.00 | 344.00 | OK |
Version: 0.1.6
Check: installed package size
Result: NOTE
installed size is 13.5Mb
sub-directories of 1Mb or more:
libs 12.4Mb
Flavors: r-release-macos-arm64, r-release-macos-x86_64, r-oldrel-macos-arm64, r-oldrel-macos-x86_64
These binaries (installable software) and packages are in development.
They may not be fully stable and should be used with caution. We make no claims about them.