Last updated on 2025-11-12 12:53:21 CET.
| Flavor | Version | Tinstall | Tcheck | Ttotal | Status | Flags |
|---|---|---|---|---|---|---|
| r-devel-linux-x86_64-debian-clang | 0.1.8 | 112.31 | 105.17 | 217.48 | OK | |
| r-devel-linux-x86_64-debian-gcc | 0.1.8 | 92.23 | 79.08 | 171.31 | OK | |
| r-devel-linux-x86_64-fedora-clang | 0.1.8 | 119.00 | 265.36 | 384.36 | OK | |
| r-devel-linux-x86_64-fedora-gcc | 0.1.8 | 334.00 | 109.70 | 443.70 | OK | |
| r-devel-windows-x86_64 | 0.1.8 | 133.00 | 147.00 | 280.00 | OK | |
| r-patched-linux-x86_64 | 0.1.8 | 133.60 | 99.39 | 232.99 | OK | |
| r-release-linux-x86_64 | 0.1.8 | 132.98 | 99.69 | 232.67 | OK | |
| r-release-macos-arm64 | 0.1.8 | 50.00 | 64.00 | 114.00 | OK | |
| r-release-macos-x86_64 | 0.1.8 | 66.00 | 186.00 | 252.00 | OK | |
| r-release-windows-x86_64 | 0.1.8 | 133.00 | 141.00 | 274.00 | OK | |
| r-oldrel-macos-arm64 | 0.1.8 | 51.00 | 113.00 | 164.00 | NOTE | |
| r-oldrel-macos-x86_64 | 0.1.8 | 56.00 | 169.00 | 225.00 | NOTE | |
| r-oldrel-windows-x86_64 | 0.1.8 | 159.00 | 176.00 | 335.00 | OK |
Version: 0.1.8
Check: installed package size
Result: NOTE
installed size is 13.8Mb
sub-directories of 1Mb or more:
libs 12.7Mb
Flavors: r-oldrel-macos-arm64, r-oldrel-macos-x86_64
These binaries (installable software) and packages are in development.
They may not be fully stable and should be used with caution. We make no claims about them.