Last updated on 2024-07-27 15:50:32 CEST.
Flavor | Version | Tinstall | Tcheck | Ttotal | Status | Flags |
---|---|---|---|---|---|---|
r-devel-linux-x86_64-debian-clang | 0.1.6 | 140.13 | 126.66 | 266.79 | OK | |
r-devel-linux-x86_64-debian-gcc | 0.1.6 | OK | ||||
r-devel-linux-x86_64-fedora-clang | 0.1.6 | 376.38 | OK | |||
r-devel-linux-x86_64-fedora-gcc | 0.1.6 | 442.06 | OK | |||
r-devel-windows-x86_64 | 0.1.6 | 129.00 | 151.00 | 280.00 | OK | |
r-patched-linux-x86_64 | 0.1.6 | OK | ||||
r-release-linux-x86_64 | 0.1.6 | 146.15 | 121.88 | 268.03 | OK | |
r-release-macos-arm64 | 0.1.6 | 128.00 | NOTE | |||
r-release-macos-x86_64 | 0.1.6 | 129.00 | NOTE | |||
r-release-windows-x86_64 | 0.1.6 | 124.00 | 145.00 | 269.00 | OK | |
r-oldrel-macos-arm64 | 0.1.6 | 116.00 | NOTE | |||
r-oldrel-macos-x86_64 | 0.1.6 | 191.00 | NOTE | |||
r-oldrel-windows-x86_64 | 0.1.6 | 145.00 | 170.00 | 315.00 | OK |
Version: 0.1.6
Check: installed package size
Result: NOTE
installed size is 13.5Mb
sub-directories of 1Mb or more:
libs 12.4Mb
Flavors: r-release-macos-arm64, r-release-macos-x86_64, r-oldrel-macos-arm64, r-oldrel-macos-x86_64
These binaries (installable software) and packages are in development.
They may not be fully stable and should be used with caution. We make no claims about them.