Last updated on 2025-05-08 04:52:17 CEST.
Flavor | Version | Tinstall | Tcheck | Ttotal | Status | Flags |
---|---|---|---|---|---|---|
r-devel-linux-x86_64-debian-clang | 0.1.6 | 111.99 | 100.64 | 212.63 | OK | |
r-devel-linux-x86_64-debian-gcc | 0.1.6 | 93.65 | 78.37 | 172.02 | OK | |
r-devel-linux-x86_64-fedora-clang | 0.1.6 | 355.25 | OK | |||
r-devel-linux-x86_64-fedora-gcc | 0.1.6 | 450.41 | OK | |||
r-devel-windows-x86_64 | 0.1.6 | 134.00 | 146.00 | 280.00 | OK | |
r-patched-linux-x86_64 | 0.1.6 | 126.63 | 95.10 | 221.73 | OK | |
r-release-linux-x86_64 | 0.1.6 | 126.32 | 95.99 | 222.31 | OK | |
r-release-macos-arm64 | 0.1.6 | 126.00 | OK | |||
r-release-macos-x86_64 | 0.1.6 | 190.00 | OK | |||
r-release-windows-x86_64 | 0.1.6 | 136.00 | 158.00 | 294.00 | OK | |
r-oldrel-macos-arm64 | 0.1.6 | 128.00 | NOTE | |||
r-oldrel-macos-x86_64 | 0.1.6 | 129.00 | NOTE | |||
r-oldrel-windows-x86_64 | 0.1.6 | 156.00 | 180.00 | 336.00 | OK |
Version: 0.1.6
Check: installed package size
Result: NOTE
installed size is 13.5Mb
sub-directories of 1Mb or more:
libs 12.4Mb
Flavors: r-oldrel-macos-arm64, r-oldrel-macos-x86_64
These binaries (installable software) and packages are in development.
They may not be fully stable and should be used with caution. We make no claims about them.