CRAN Package Check Results for Package rnrfa

Last updated on 2025-05-08 04:52:17 CEST.

Flavor Version Tinstall Tcheck Ttotal Status Flags
r-devel-linux-x86_64-debian-clang 2.1.0.6 10.06 127.00 137.06 OK
r-devel-linux-x86_64-debian-gcc 2.1.0.6 5.72 93.42 99.14 OK
r-devel-linux-x86_64-fedora-clang 2.1.0.6 196.31 OK
r-devel-linux-x86_64-fedora-gcc 2.1.0.6 212.95 OK
r-devel-windows-x86_64 2.1.0.6 11.00 165.00 176.00 OK
r-patched-linux-x86_64 2.1.0.6 10.72 118.35 129.07 OK
r-release-linux-x86_64 2.1.0.6 9.27 117.24 126.51 OK
r-release-macos-arm64 2.1.0.6 122.00 OK
r-release-macos-x86_64 2.1.0.6 153.00 NOTE
r-release-windows-x86_64 2.1.0.6 11.00 167.00 178.00 OK
r-oldrel-macos-arm64 2.1.0.6 118.00 OK
r-oldrel-macos-x86_64 2.1.0.6 174.00 OK
r-oldrel-windows-x86_64 2.1.0.6 14.00 203.00 217.00 OK

Check Details

Version: 2.1.0.6
Check: re-building of vignette outputs
Result: NOTE Note: skipping ‘rnrfa-vignette.Rmd’ due to unavailable dependencies: 'DT' Flavor: r-release-macos-x86_64

These binaries (installable software) and packages are in development.
They may not be fully stable and should be used with caution. We make no claims about them.