Last updated on 2025-10-23 17:51:00 CEST.
Flavor | Version | Tinstall | Tcheck | Ttotal | Status | Flags |
---|---|---|---|---|---|---|
r-devel-linux-x86_64-debian-clang | 2.1.0.7 | 10.31 | 135.51 | 145.82 | NOTE | |
r-devel-linux-x86_64-debian-gcc | 2.1.0.7 | 7.15 | 99.40 | 106.55 | OK | |
r-devel-linux-x86_64-fedora-clang | 2.1.0.7 | 22.00 | 198.16 | 220.16 | OK | |
r-devel-linux-x86_64-fedora-gcc | 2.1.0.7 | 38.00 | 211.80 | 249.80 | OK | |
r-devel-windows-x86_64 | 2.1.0.7 | 11.00 | 180.00 | 191.00 | OK | |
r-patched-linux-x86_64 | 2.1.0.7 | 10.55 | 129.25 | 139.80 | OK | |
r-release-linux-x86_64 | 2.1.0.7 | 9.97 | 128.18 | 138.15 | OK | |
r-release-macos-arm64 | 2.1.0.7 | 3.00 | 104.00 | 107.00 | OK | |
r-release-macos-x86_64 | 2.1.0.7 | 7.00 | 170.00 | 177.00 | OK | |
r-release-windows-x86_64 | 2.1.0.7 | 14.00 | 186.00 | 200.00 | OK | |
r-oldrel-macos-arm64 | 2.1.0.7 | 4.00 | 113.00 | 117.00 | OK | |
r-oldrel-macos-x86_64 | 2.1.0.7 | 8.00 | 177.00 | 185.00 | OK | |
r-oldrel-windows-x86_64 | 2.1.0.7 | 14.00 | 233.00 | 247.00 | OK |
Version: 2.1.0.7
Check: HTML version of manual
Result: NOTE
Found the following HTML validation problems:
print.nrfa_api.html:51:1 (print.nrfa_api.Rd:12): Warning: missing </ul> before </div>
Flavor: r-devel-linux-x86_64-debian-clang
These binaries (installable software) and packages are in development.
They may not be fully stable and should be used with caution. We make no claims about them.