Last updated on 2025-07-23 21:51:57 CEST.
Flavor | Version | Tinstall | Tcheck | Ttotal | Status | Flags |
---|---|---|---|---|---|---|
r-devel-linux-x86_64-debian-clang | 2.1.0.6 | 9.12 | 126.54 | 135.66 | OK | |
r-devel-linux-x86_64-debian-gcc | 2.1.0.6 | 7.22 | 92.98 | 100.20 | OK | |
r-devel-linux-x86_64-fedora-clang | 2.1.0.6 | 210.10 | OK | |||
r-devel-linux-x86_64-fedora-gcc | 2.1.0.6 | 213.39 | OK | |||
r-devel-windows-x86_64 | 2.1.0.6 | 10.00 | 163.00 | 173.00 | OK | |
r-patched-linux-x86_64 | 2.1.0.6 | 9.07 | 118.06 | 127.13 | OK | |
r-release-linux-x86_64 | 2.1.0.6 | 9.64 | 119.64 | 129.28 | OK | |
r-release-macos-arm64 | 2.1.0.6 | 122.00 | OK | |||
r-release-macos-x86_64 | 2.1.0.6 | 153.00 | NOTE | |||
r-release-windows-x86_64 | 2.1.0.6 | 11.00 | 167.00 | 178.00 | OK | |
r-oldrel-macos-arm64 | 2.1.0.6 | 118.00 | OK | |||
r-oldrel-macos-x86_64 | 2.1.0.6 | 174.00 | OK | |||
r-oldrel-windows-x86_64 | 2.1.0.6 | 14.00 | 203.00 | 217.00 | OK |
Version: 2.1.0.6
Check: re-building of vignette outputs
Result: NOTE
Note: skipping ‘rnrfa-vignette.Rmd’ due to unavailable dependencies: 'DT'
Flavor: r-release-macos-x86_64
These binaries (installable software) and packages are in development.
They may not be fully stable and should be used with caution. We make no claims about them.