Last updated on 2025-05-08 04:52:17 CEST.
Flavor | Version | Tinstall | Tcheck | Ttotal | Status | Flags |
---|---|---|---|---|---|---|
r-devel-linux-x86_64-debian-clang | 1.2.0 | 27.75 | 404.88 | 432.63 | NOTE | |
r-devel-linux-x86_64-debian-gcc | 1.2.0 | 17.01 | 268.92 | 285.93 | NOTE | |
r-devel-linux-x86_64-fedora-clang | 1.2.0 | 667.08 | NOTE | |||
r-devel-linux-x86_64-fedora-gcc | 1.2.0 | 569.41 | NOTE | |||
r-devel-windows-x86_64 | 1.2.0 | 25.00 | 303.00 | 328.00 | NOTE | |
r-patched-linux-x86_64 | 1.2.0 | 24.42 | 370.88 | 395.30 | NOTE | |
r-release-linux-x86_64 | 1.2.0 | 26.04 | 374.17 | 400.21 | NOTE | |
r-release-macos-arm64 | 1.2.0 | 158.00 | NOTE | |||
r-release-macos-x86_64 | 1.2.0 | 360.00 | NOTE | |||
r-release-windows-x86_64 | 1.2.0 | 25.00 | 305.00 | 330.00 | NOTE | |
r-oldrel-macos-arm64 | 1.2.0 | 149.00 | OK | |||
r-oldrel-macos-x86_64 | 1.2.0 | 363.00 | OK | |||
r-oldrel-windows-x86_64 | 1.2.0 | 33.00 | 413.00 | 446.00 | OK |
Version: 1.2.0
Check: DESCRIPTION meta-information
Result: NOTE
Missing dependency on R >= 4.1.0 because package code uses the pipe
|> or function shorthand \(...) syntax added in R 4.1.0.
File(s) using such syntax:
‘projectRoads.Rd’
Flavors: r-devel-linux-x86_64-debian-clang, r-devel-linux-x86_64-debian-gcc, r-devel-linux-x86_64-fedora-clang, r-devel-linux-x86_64-fedora-gcc, r-devel-windows-x86_64, r-patched-linux-x86_64, r-release-linux-x86_64, r-release-macos-arm64, r-release-macos-x86_64, r-release-windows-x86_64
These binaries (installable software) and packages are in development.
They may not be fully stable and should be used with caution. We make no claims about them.