Last updated on 2025-10-31 15:48:51 CET.
| Flavor | Version | Tinstall | Tcheck | Ttotal | Status | Flags | 
|---|---|---|---|---|---|---|
| r-devel-linux-x86_64-debian-clang | 1.2.0 | 28.07 | 411.02 | 439.09 | NOTE | |
| r-devel-linux-x86_64-debian-gcc | 1.2.0 | 16.85 | 259.26 | 276.11 | NOTE | |
| r-devel-linux-x86_64-fedora-clang | 1.2.0 | 66.00 | 583.36 | 649.36 | NOTE | |
| r-devel-linux-x86_64-fedora-gcc | 1.2.0 | 147.00 | 535.75 | 682.75 | NOTE | |
| r-devel-windows-x86_64 | 1.2.0 | 26.00 | 290.00 | 316.00 | NOTE | |
| r-patched-linux-x86_64 | 1.2.0 | 25.16 | 373.11 | 398.27 | NOTE | |
| r-release-linux-x86_64 | 1.2.0 | 25.27 | 374.95 | 400.22 | NOTE | |
| r-release-macos-arm64 | 1.2.0 | 10.00 | 148.00 | 158.00 | NOTE | |
| r-release-macos-x86_64 | 1.2.0 | 22.00 | 338.00 | 360.00 | NOTE | |
| r-release-windows-x86_64 | 1.2.0 | 26.00 | 291.00 | 317.00 | NOTE | |
| r-oldrel-macos-arm64 | 1.2.0 | 11.00 | 138.00 | 149.00 | OK | |
| r-oldrel-macos-x86_64 | 1.2.0 | 31.00 | 332.00 | 363.00 | OK | |
| r-oldrel-windows-x86_64 | 1.2.0 | 35.00 | 401.00 | 436.00 | OK | 
Version: 1.2.0
Check: DESCRIPTION meta-information
Result: NOTE
    Missing dependency on R >= 4.1.0 because package code uses the pipe
    |> or function shorthand \(...) syntax added in R 4.1.0.
    File(s) using such syntax:
      ‘projectRoads.Rd’
Flavors: r-devel-linux-x86_64-debian-clang, r-devel-linux-x86_64-debian-gcc, r-devel-linux-x86_64-fedora-clang, r-devel-linux-x86_64-fedora-gcc, r-devel-windows-x86_64, r-patched-linux-x86_64, r-release-linux-x86_64, r-release-macos-arm64, r-release-macos-x86_64, r-release-windows-x86_64
These binaries (installable software) and packages are in development.
They may not be fully stable and should be used with caution. We make no claims about them.