Last updated on 2025-10-23 11:50:25 CEST.
Flavor | Version | Tinstall | Tcheck | Ttotal | Status | Flags |
---|---|---|---|---|---|---|
r-devel-linux-x86_64-debian-clang | 2.4.2 | 88.07 | 278.55 | 366.62 | OK | |
r-devel-linux-x86_64-debian-gcc | 2.4.2 | 61.79 | 192.56 | 254.35 | OK | |
r-devel-linux-x86_64-fedora-clang | 2.4.2 | 171.00 | 408.37 | 579.37 | OK | |
r-devel-linux-x86_64-fedora-gcc | 2.4.2 | 398.00 | 233.14 | 631.14 | OK | |
r-devel-windows-x86_64 | 2.4.2 | 97.00 | 198.00 | 295.00 | OK | --no-examples --no-tests --no-vignettes |
r-patched-linux-x86_64 | 2.4.2 | 88.49 | 271.88 | 360.37 | OK | |
r-release-linux-x86_64 | 2.4.2 | 86.87 | 268.66 | 355.53 | OK | |
r-release-macos-arm64 | 2.4.2 | 35.00 | 116.00 | 151.00 | OK | |
r-release-macos-x86_64 | 2.4.2 | 64.00 | 347.00 | 411.00 | OK | |
r-release-windows-x86_64 | 2.4.2 | 95.00 | 216.00 | 311.00 | OK | --no-examples --no-tests --no-vignettes |
r-oldrel-macos-arm64 | 2.4.2 | 36.00 | 122.00 | 158.00 | NOTE | |
r-oldrel-macos-x86_64 | 2.4.2 | 51.00 | 257.00 | 308.00 | NOTE | |
r-oldrel-windows-x86_64 | 2.4.2 | 120.00 | 194.00 | 314.00 | OK | --no-examples --no-tests --no-vignettes |
Version: 2.4.2
Check: installed package size
Result: NOTE
installed size is 20.9Mb
sub-directories of 1Mb or more:
data 1.4Mb
libs 18.3Mb
Flavors: r-oldrel-macos-arm64, r-oldrel-macos-x86_64
These binaries (installable software) and packages are in development.
They may not be fully stable and should be used with caution. We make no claims about them.