Last updated on 2025-05-01 14:49:21 CEST.
Flavor | Version | Tinstall | Tcheck | Ttotal | Status | Flags |
---|---|---|---|---|---|---|
r-devel-linux-x86_64-debian-clang | 0.1-6.1 | 1.87 | 18.29 | 20.16 | NOTE | |
r-devel-linux-x86_64-debian-gcc | 0.1-6.1 | 1.43 | 15.05 | 16.48 | NOTE | |
r-devel-linux-x86_64-fedora-clang | 0.1-6.1 | 31.93 | OK | |||
r-devel-linux-x86_64-fedora-gcc | 0.1-6.1 | 30.00 | OK | |||
r-devel-windows-x86_64 | 0.1-6.1 | 3.00 | 42.00 | 45.00 | OK | |
r-patched-linux-x86_64 | 0.1-6.1 | 2.11 | 17.50 | 19.61 | OK | |
r-release-linux-x86_64 | OK | |||||
r-release-macos-arm64 | 0.1-6.1 | 16.00 | OK | |||
r-release-macos-x86_64 | 0.1-6.1 | 24.00 | OK | |||
r-release-windows-x86_64 | 0.1-6.1 | 3.00 | 45.00 | 48.00 | OK | |
r-oldrel-macos-arm64 | 0.1-6.1 | 19.00 | OK | |||
r-oldrel-macos-x86_64 | 0.1-6.1 | 19.00 | OK | |||
r-oldrel-windows-x86_64 | 0.1-6.1 | 3.00 | 42.00 | 45.00 | OK |
Version: 0.1-6.1
Check: CRAN incoming feasibility
Result: NOTE
Maintainer: ‘Paul Smirnov <s.paul@mail.ru>’
No Authors@R field in DESCRIPTION.
Please add one, modifying
Authors@R: person(given = "Paul",
family = "Smirnov",
role = c("aut", "cre"),
email = "s.paul@mail.ru")
as necessary.
Flavors: r-devel-linux-x86_64-debian-clang, r-devel-linux-x86_64-debian-gcc
These binaries (installable software) and packages are in development.
They may not be fully stable and should be used with caution. We make no claims about them.