CRAN Package Check Results for Package roben

Last updated on 2025-05-08 04:52:17 CEST.

Flavor Version Tinstall Tcheck Ttotal Status Flags
r-devel-linux-x86_64-debian-clang 0.1.2 164.12 46.88 211.00 OK
r-devel-linux-x86_64-debian-gcc 0.1.2 113.07 33.82 146.89 OK
r-devel-linux-x86_64-fedora-clang 0.1.2 410.17 OK
r-devel-linux-x86_64-fedora-gcc 0.1.2 421.19 OK
r-devel-windows-x86_64 0.1.2 175.00 93.00 268.00 OK
r-patched-linux-x86_64 0.1.2 150.95 43.26 194.21 OK
r-release-linux-x86_64 0.1.2 159.40 43.36 202.76 OK
r-release-macos-arm64 0.1.2 88.00 OK
r-release-macos-x86_64 0.1.2 103.00 OK
r-release-windows-x86_64 0.1.2 176.00 100.00 276.00 OK
r-oldrel-macos-arm64 0.1.2 74.00 NOTE
r-oldrel-macos-x86_64 0.1.2 154.00 NOTE
r-oldrel-windows-x86_64 0.1.2 200.00 110.00 310.00 OK

Check Details

Version: 0.1.2
Check: installed package size
Result: NOTE installed size is 8.8Mb sub-directories of 1Mb or more: libs 8.2Mb Flavors: r-oldrel-macos-arm64, r-oldrel-macos-x86_64

These binaries (installable software) and packages are in development.
They may not be fully stable and should be used with caution. We make no claims about them.