Last updated on 2025-07-21 19:49:54 CEST.
Flavor | Version | Tinstall | Tcheck | Ttotal | Status | Flags |
---|---|---|---|---|---|---|
r-devel-linux-x86_64-debian-clang | 0.1.2 | 167.11 | 47.37 | 214.48 | OK | |
r-devel-linux-x86_64-debian-gcc | 0.1.2 | 112.81 | 34.47 | 147.28 | OK | |
r-devel-linux-x86_64-fedora-clang | 0.1.2 | 412.15 | OK | |||
r-devel-linux-x86_64-fedora-gcc | 0.1.2 | 368.85 | OK | |||
r-devel-windows-x86_64 | 0.1.2 | 175.00 | 92.00 | 267.00 | OK | |
r-patched-linux-x86_64 | 0.1.2 | 156.77 | 43.26 | 200.03 | OK | |
r-release-linux-x86_64 | 0.1.2 | 161.74 | 43.59 | 205.33 | OK | |
r-release-macos-arm64 | 0.1.2 | 88.00 | OK | |||
r-release-macos-x86_64 | 0.1.2 | 103.00 | OK | |||
r-release-windows-x86_64 | 0.1.2 | 175.00 | 96.00 | 271.00 | OK | |
r-oldrel-macos-arm64 | 0.1.2 | 74.00 | NOTE | |||
r-oldrel-macos-x86_64 | 0.1.2 | 154.00 | NOTE | |||
r-oldrel-windows-x86_64 | 0.1.2 | 205.00 | 108.00 | 313.00 | OK |
Version: 0.1.2
Check: installed package size
Result: NOTE
installed size is 8.8Mb
sub-directories of 1Mb or more:
libs 8.2Mb
Flavors: r-oldrel-macos-arm64, r-oldrel-macos-x86_64
These binaries (installable software) and packages are in development.
They may not be fully stable and should be used with caution. We make no claims about them.