Last updated on 2025-02-23 09:51:21 CET.
Flavor | Version | Tinstall | Tcheck | Ttotal | Status | Flags |
---|---|---|---|---|---|---|
r-devel-linux-x86_64-debian-clang | 0.1.2 | 162.78 | 47.12 | 209.90 | OK | |
r-devel-linux-x86_64-debian-gcc | 0.1.2 | 113.49 | 33.79 | 147.28 | OK | |
r-devel-linux-x86_64-fedora-clang | 0.1.2 | 410.17 | OK | |||
r-devel-linux-x86_64-fedora-gcc | 0.1.2 | 383.39 | OK | |||
r-devel-macos-arm64 | 0.1.2 | 70.00 | OK | |||
r-devel-macos-x86_64 | 0.1.2 | 135.00 | OK | |||
r-devel-windows-x86_64 | 0.1.2 | 158.00 | 98.00 | 256.00 | OK | |
r-patched-linux-x86_64 | 0.1.2 | 156.42 | 42.35 | 198.77 | OK | |
r-release-linux-x86_64 | 0.1.2 | 154.80 | 43.35 | 198.15 | OK | |
r-release-macos-arm64 | 0.1.2 | 74.00 | NOTE | |||
r-release-macos-x86_64 | 0.1.2 | 154.00 | NOTE | |||
r-release-windows-x86_64 | 0.1.2 | 160.00 | 89.00 | 249.00 | OK | |
r-oldrel-macos-arm64 | 0.1.1 | 86.00 | NOTE | |||
r-oldrel-macos-x86_64 | 0.1.2 | 90.00 | NOTE | |||
r-oldrel-windows-x86_64 | 0.1.2 | 192.00 | 107.00 | 299.00 | OK |
Version: 0.1.2
Check: installed package size
Result: NOTE
installed size is 8.8Mb
sub-directories of 1Mb or more:
libs 8.2Mb
Flavors: r-release-macos-arm64, r-release-macos-x86_64, r-oldrel-macos-x86_64
Version: 0.1.1
Check: installed package size
Result: NOTE
installed size is 8.6Mb
sub-directories of 1Mb or more:
libs 8.1Mb
Flavor: r-oldrel-macos-arm64
These binaries (installable software) and packages are in development.
They may not be fully stable and should be used with caution. We make no claims about them.