Last updated on 2025-05-01 14:49:21 CEST.
Flavor | Version | Tinstall | Tcheck | Ttotal | Status | Flags |
---|---|---|---|---|---|---|
r-devel-linux-x86_64-debian-clang | 1.2 | 15.76 | 123.17 | 138.93 | NOTE | |
r-devel-linux-x86_64-debian-gcc | 1.2 | 9.63 | 86.21 | 95.84 | NOTE | |
r-devel-linux-x86_64-fedora-clang | 1.2 | 217.48 | OK | |||
r-devel-linux-x86_64-fedora-gcc | 1.2 | 205.07 | OK | |||
r-devel-windows-x86_64 | 1.2 | 15.00 | 129.00 | 144.00 | OK | |
r-patched-linux-x86_64 | 1.2 | 14.33 | 117.23 | 131.56 | OK | |
r-release-linux-x86_64 | OK | |||||
r-release-macos-arm64 | 1.2 | 56.00 | OK | |||
r-release-macos-x86_64 | 1.2 | 125.00 | OK | |||
r-release-windows-x86_64 | 1.2 | 15.00 | 132.00 | 147.00 | OK | |
r-oldrel-macos-arm64 | 1.2 | 52.00 | OK | |||
r-oldrel-macos-x86_64 | 1.2 | 85.00 | OK | |||
r-oldrel-windows-x86_64 | 1.2 | 20.00 | 152.00 | 172.00 | OK |
Version: 1.2
Check: CRAN incoming feasibility
Result: NOTE
Maintainer: ‘Ufuk Beyaztas <ufukbeyaztas@gmail.com>’
The Description field contains
<arXiv:2111.01238> and Beyaztas, U., and Shang, H. L. (2022)
<arXiv:2203.05065>.
Please refer to arXiv e-prints via their arXiv DOI <doi:10.48550/arXiv.YYMM.NNNNN>.
Flavors: r-devel-linux-x86_64-debian-clang, r-devel-linux-x86_64-debian-gcc
Version: 1.2
Check: examples
Result: NOTE
Examples with CPU (user + system) or elapsed time > 5s
user system elapsed
rob.sf.reg 4.954 0.031 6.744
predict_sf_regression 4.783 0.029 6.844
Flavor: r-devel-linux-x86_64-debian-clang
These binaries (installable software) and packages are in development.
They may not be fully stable and should be used with caution. We make no claims about them.