Last updated on 2025-10-23 17:51:00 CEST.
Flavor | Version | Tinstall | Tcheck | Ttotal | Status | Flags |
---|---|---|---|---|---|---|
r-devel-linux-x86_64-debian-clang | 2.0.0 | 19.87 | 178.26 | 198.13 | NOTE | |
r-devel-linux-x86_64-debian-gcc | 2.0.0 | 13.61 | 130.86 | 144.47 | OK | |
r-devel-linux-x86_64-fedora-clang | 2.0.0 | 44.00 | 266.55 | 310.55 | OK | |
r-devel-linux-x86_64-fedora-gcc | 2.0.0 | 106.00 | 215.12 | 321.12 | OK | |
r-devel-windows-x86_64 | 2.0.0 | 22.00 | 202.00 | 224.00 | OK | |
r-patched-linux-x86_64 | 2.0.0 | 15.54 | 168.50 | 184.04 | OK | |
r-release-linux-x86_64 | 2.0.0 | 15.02 | 172.67 | 187.69 | OK | |
r-release-macos-arm64 | 2.0.0 | 7.00 | 66.00 | 73.00 | OK | |
r-release-macos-x86_64 | 2.0.0 | 11.00 | 93.00 | 104.00 | OK | |
r-release-windows-x86_64 | 2.0.0 | 22.00 | 204.00 | 226.00 | OK | |
r-oldrel-macos-arm64 | 2.0.0 | 9.00 | 74.00 | 83.00 | OK | |
r-oldrel-macos-x86_64 | 2.0.0 | 11.00 | 113.00 | 124.00 | OK | |
r-oldrel-windows-x86_64 | 2.0.0 | 29.00 | 253.00 | 282.00 | OK |
Version: 2.0.0
Check: HTML version of manual
Result: NOTE
Found the following HTML validation problems:
createITPSplineResult.html:85:1 (createITPSplineResult.Rd:35): Warning: missing </ul> before </div>
rewireCompl.html:84:1 (rewireCompl.Rd:35): Warning: missing </ul> before </div>
rewireOnl.html:50:1 (rewireOnl.Rd:12): Warning: missing </ul> before </div>
Flavor: r-devel-linux-x86_64-debian-clang
These binaries (installable software) and packages are in development.
They may not be fully stable and should be used with caution. We make no claims about them.