CRAN Package Check Results for Package robis

Last updated on 2025-07-23 21:51:57 CEST.

Flavor Version Tinstall Tcheck Ttotal Status Flags
r-devel-linux-x86_64-debian-clang 2.11.3 35.91 320.07 355.98 OK
r-devel-linux-x86_64-debian-gcc 2.11.3 25.24 207.20 232.44 OK
r-devel-linux-x86_64-fedora-clang 2.11.3 563.27 NOTE
r-devel-linux-x86_64-fedora-gcc 2.11.3 535.73 NOTE
r-devel-windows-x86_64 2.11.3 34.00 252.00 286.00 OK
r-patched-linux-x86_64 2.11.3 29.35 297.11 326.46 OK
r-release-linux-x86_64 2.11.3 37.22 296.89 334.11 OK
r-release-macos-arm64 2.11.3 66.00 OK
r-release-macos-x86_64 2.11.3 108.00 OK
r-release-windows-x86_64 2.11.3 34.00 256.00 290.00 OK
r-oldrel-macos-arm64 2.11.3 62.00 OK
r-oldrel-macos-x86_64 2.11.3 134.00 OK
r-oldrel-windows-x86_64 2.11.3 47.00 352.00 399.00 OK

Check Details

Version: 2.11.3
Check: dependencies in R code
Result: NOTE Namespace in Imports field not imported from: ‘memoise’ All declared Imports should be used. Flavors: r-devel-linux-x86_64-fedora-clang, r-devel-linux-x86_64-fedora-gcc

These binaries (installable software) and packages are in development.
They may not be fully stable and should be used with caution. We make no claims about them.