Last updated on 2025-05-01 12:49:39 CEST.
Flavor | Version | Tinstall | Tcheck | Ttotal | Status | Flags |
---|---|---|---|---|---|---|
r-devel-linux-x86_64-debian-clang | 2.11.3 | 37.45 | 316.73 | 354.18 | NOTE | |
r-devel-linux-x86_64-debian-gcc | 2.11.3 | 25.76 | 207.66 | 233.42 | OK | |
r-devel-linux-x86_64-fedora-clang | 2.11.3 | 551.76 | NOTE | |||
r-devel-linux-x86_64-fedora-gcc | 2.11.3 | 525.64 | NOTE | |||
r-devel-windows-x86_64 | 2.11.3 | 35.00 | 261.00 | 296.00 | OK | |
r-patched-linux-x86_64 | 2.11.3 | 38.37 | 294.66 | 333.03 | OK | |
r-release-linux-x86_64 | OK | |||||
r-release-macos-arm64 | 2.11.3 | 66.00 | OK | |||
r-release-macos-x86_64 | 2.11.3 | 108.00 | OK | |||
r-release-windows-x86_64 | 2.11.3 | 35.00 | 271.00 | 306.00 | OK | |
r-oldrel-macos-arm64 | 2.11.3 | 62.00 | OK | |||
r-oldrel-macos-x86_64 | 2.11.3 | 134.00 | OK | |||
r-oldrel-windows-x86_64 | 2.11.3 | 45.00 | 346.00 | 391.00 | OK |
Version: 2.11.3
Check: examples
Result: NOTE
Examples with CPU (user + system) or elapsed time > 5s
user system elapsed
dataset 1.43 0.111 6.21
Flavor: r-devel-linux-x86_64-debian-clang
Version: 2.11.3
Check: examples
Result: NA
user system elapsed
dataset 1.136 0.133 6.345
OK
Flavor: r-devel-linux-x86_64-debian-gcc
Version: 2.11.3
Check: dependencies in R code
Result: NOTE
Namespace in Imports field not imported from: ‘memoise’
All declared Imports should be used.
Flavors: r-devel-linux-x86_64-fedora-clang, r-devel-linux-x86_64-fedora-gcc
These binaries (installable software) and packages are in development.
They may not be fully stable and should be used with caution. We make no claims about them.