Last updated on 2025-10-23 11:50:25 CEST.
Flavor | Version | Tinstall | Tcheck | Ttotal | Status | Flags |
---|---|---|---|---|---|---|
r-devel-linux-x86_64-debian-clang | 2.11.3 | 38.40 | 330.28 | 368.68 | OK | |
r-devel-linux-x86_64-debian-gcc | 2.11.3 | 25.84 | 211.51 | 237.35 | OK | |
r-devel-linux-x86_64-fedora-clang | 2.11.3 | 85.00 | 484.87 | 569.87 | NOTE | |
r-devel-linux-x86_64-fedora-gcc | 2.11.3 | 168.00 | 408.35 | 576.35 | NOTE | |
r-devel-windows-x86_64 | 2.11.3 | 37.00 | 264.00 | 301.00 | OK | |
r-patched-linux-x86_64 | 2.11.3 | 33.17 | 309.08 | 342.25 | OK | |
r-release-linux-x86_64 | 2.11.3 | 33.85 | 306.51 | 340.36 | OK | |
r-release-macos-arm64 | 2.11.3 | 4.00 | 62.00 | 66.00 | OK | |
r-release-macos-x86_64 | 2.11.3 | 9.00 | 99.00 | 108.00 | OK | |
r-release-windows-x86_64 | 2.11.3 | 36.00 | 275.00 | 311.00 | OK | |
r-oldrel-macos-arm64 | 2.11.3 | 4.00 | 58.00 | 62.00 | OK | |
r-oldrel-macos-x86_64 | 2.11.3 | 12.00 | 122.00 | 134.00 | OK | |
r-oldrel-windows-x86_64 | 2.11.3 | 50.00 | 363.00 | 413.00 | OK |
Version: 2.11.3
Check: dependencies in R code
Result: NOTE
Namespace in Imports field not imported from: ‘memoise’
All declared Imports should be used.
Flavors: r-devel-linux-x86_64-fedora-clang, r-devel-linux-x86_64-fedora-gcc
These binaries (installable software) and packages are in development.
They may not be fully stable and should be used with caution. We make no claims about them.