CRAN Package Check Results for Package robreg3S

Last updated on 2025-05-01 14:49:21 CEST.

Flavor Version Tinstall Tcheck Ttotal Status Flags
r-devel-linux-x86_64-debian-clang 0.3 7.11 62.43 69.54 NOTE
r-devel-linux-x86_64-debian-gcc 0.3 5.27 44.20 49.47 NOTE
r-devel-linux-x86_64-fedora-clang 0.3 94.63 OK
r-devel-linux-x86_64-fedora-gcc 0.3 89.96 OK
r-devel-windows-x86_64 0.3 9.00 74.00 83.00 NOTE
r-patched-linux-x86_64 0.3 6.13 57.35 63.48 NOTE
r-release-linux-x86_64 NOTE
r-release-macos-arm64 0.3 32.00 OK
r-release-macos-x86_64 0.3 53.00 OK
r-release-windows-x86_64 0.3 10.00 85.00 95.00 NOTE
r-oldrel-macos-arm64 0.3 31.00 OK
r-oldrel-macos-x86_64 0.3 46.00 OK
r-oldrel-windows-x86_64 0.3 12.00 83.00 95.00 OK

Check Details

Version: 0.3
Check: CRAN incoming feasibility
Result: NOTE Maintainer: ‘Andy Leung <andy.leung@stat.ubc.ca>’ No Authors@R field in DESCRIPTION. Please add one, modifying Authors@R: c(person(given = "Andy", family = "Leung", role = c("aut", "cre"), email = "andy.leung@stat.ubc.ca"), person(given = "Hongyang", family = "Zhang", role = "aut"), person(given = "Ruben", family = "Zamar", role = "aut")) as necessary. Flavors: r-devel-linux-x86_64-debian-clang, r-devel-linux-x86_64-debian-gcc

Version: 0.3
Check: Rd cross-references
Result: NOTE Found the following Rd file(s) with Rd \link{} targets missing package anchors: robreg3S.Rd: GSE simulation-tools.Rd: generate.randcorr Please provide package anchors for all Rd \link{} targets not in the package itself and the base packages. Flavors: r-devel-linux-x86_64-debian-clang, r-devel-linux-x86_64-debian-gcc, r-devel-windows-x86_64, r-patched-linux-x86_64, r-release-linux-x86_64, r-release-windows-x86_64

These binaries (installable software) and packages are in development.
They may not be fully stable and should be used with caution. We make no claims about them.