Last updated on 2025-02-16 08:50:59 CET.
Flavor | Version | Tinstall | Tcheck | Ttotal | Status | Flags |
---|---|---|---|---|---|---|
r-devel-linux-x86_64-debian-clang | 1.1 | 32.57 | 31.96 | 64.53 | OK | |
r-devel-linux-x86_64-debian-gcc | 1.1 | 25.24 | 24.77 | 50.01 | OK | |
r-devel-linux-x86_64-fedora-clang | 1.1 | 112.69 | OK | |||
r-devel-linux-x86_64-fedora-gcc | 1.1 | 122.31 | OK | |||
r-devel-macos-arm64 | 1.1 | 34.00 | OK | |||
r-devel-macos-x86_64 | 1.1 | 86.00 | OK | |||
r-devel-windows-x86_64 | 1.1 | 34.00 | 78.00 | 112.00 | NOTE | |
r-patched-linux-x86_64 | 1.1 | 34.74 | 30.81 | 65.55 | OK | |
r-release-linux-x86_64 | 1.1 | 33.78 | 31.07 | 64.85 | OK | |
r-release-macos-arm64 | 1.1 | 33.00 | OK | |||
r-release-macos-x86_64 | 1.1 | 61.00 | OK | |||
r-release-windows-x86_64 | 1.1 | 35.00 | 85.00 | 120.00 | NOTE | |
r-oldrel-macos-arm64 | 1.1 | 38.00 | NOTE | |||
r-oldrel-macos-x86_64 | 1.1 | 54.00 | OK | |||
r-oldrel-windows-x86_64 | 1.1 | 43.00 | 86.00 | 129.00 | NOTE |
Version: 1.1
Check: C++ specification
Result: NOTE
Specified C++11: please drop specification unless essential
Flavors: r-devel-windows-x86_64, r-release-windows-x86_64, r-oldrel-windows-x86_64
Version: 1.1
Check: installed package size
Result: NOTE
installed size is 5.1Mb
sub-directories of 1Mb or more:
libs 4.7Mb
Flavor: r-oldrel-macos-arm64
These binaries (installable software) and packages are in development.
They may not be fully stable and should be used with caution. We make no claims about them.