CRAN Package Check Results for Package robregcc

Last updated on 2025-07-10 19:18:03 CEST.

Flavor Version Tinstall Tcheck Ttotal Status Flags
r-devel-linux-x86_64-debian-clang 1.1 32.92 32.79 65.71 NOTE
r-devel-linux-x86_64-debian-gcc 1.1 24.73 25.75 50.48 NOTE
r-devel-linux-x86_64-fedora-clang 1.1 112.35 OK
r-devel-linux-x86_64-fedora-gcc 1.1 113.18 OK
r-devel-windows-x86_64 1.1 36.00 81.00 117.00 NOTE
r-patched-linux-x86_64 1.1 36.85 31.82 68.67 OK
r-release-linux-x86_64 1.1 33.63 31.81 65.44 OK
r-release-macos-arm64 1.1 35.00 OK
r-release-macos-x86_64 1.1 97.00 OK
r-release-windows-x86_64 1.1 37.00 76.00 113.00 NOTE
r-oldrel-macos-arm64 1.1 33.00 OK
r-oldrel-macos-x86_64 1.1 61.00 OK
r-oldrel-windows-x86_64 1.1 45.00 84.00 129.00 NOTE

Check Details

Version: 1.1
Check: CRAN incoming feasibility
Result: NOTE Maintainer: ‘Aditya Mishra <amishra@flatironinstitute.org>’ The Description field contains <arXiv:1909.04990>. Please refer to arXiv e-prints via their arXiv DOI <doi:10.48550/arXiv.YYMM.NNNNN>. Flavors: r-devel-linux-x86_64-debian-clang, r-devel-linux-x86_64-debian-gcc

Version: 1.1
Check: C++ specification
Result: NOTE Specified C++11: please drop specification unless essential Flavors: r-devel-windows-x86_64, r-release-windows-x86_64, r-oldrel-windows-x86_64

These binaries (installable software) and packages are in development.
They may not be fully stable and should be used with caution. We make no claims about them.