Last updated on 2025-05-01 15:49:43 CEST.
Flavor | Version | Tinstall | Tcheck | Ttotal | Status | Flags |
---|---|---|---|---|---|---|
r-devel-linux-x86_64-debian-clang | 0.2.2 | 2.80 | 45.35 | 48.15 | OK | |
r-devel-linux-x86_64-debian-gcc | 0.2.2 | 1.82 | 45.06 | 46.88 | OK | |
r-devel-linux-x86_64-fedora-clang | 0.2.2 | 66.91 | OK | |||
r-devel-linux-x86_64-fedora-gcc | 0.2.2 | 80.66 | OK | |||
r-devel-windows-x86_64 | 0.2.2 | 5.00 | 83.00 | 88.00 | ERROR | |
r-patched-linux-x86_64 | 0.2.2 | 2.91 | 41.96 | 44.87 | OK | |
r-release-linux-x86_64 | OK | |||||
r-release-macos-arm64 | 0.2.2 | 36.00 | OK | |||
r-release-macos-x86_64 | 0.2.2 | 73.00 | OK | |||
r-release-windows-x86_64 | 0.2.2 | 5.00 | 90.00 | 95.00 | OK | |
r-oldrel-macos-arm64 | 0.2.2 | 34.00 | OK | |||
r-oldrel-macos-x86_64 | 0.2.2 | 49.00 | OK | |||
r-oldrel-windows-x86_64 | 0.2.2 | 6.00 | 77.00 | 83.00 | OK |
Version: 0.2.2
Check: re-building of vignette outputs
Result: ERROR
Error(s) in re-building vignettes:
--- re-building 'gallery.Rmd' using rmarkdown
Quitting from gallery.Rmd:125-127 [unnamed-chunk-5]
~~~~~~~~~~~~~~~~~~~~~~~~~~~~~~~~~~~~~~~~~~~~~~~~~~~~~~~~~~~~~~~~~~~~~~~~~~~~~~~~
<error/rlang_error>
Error in `open.connection()`:
! cannot open the connection to 'https://gist.githubusercontent.com/juba/ccba4dadb899588d0301968fd974a99f/raw/5dedadc47c343ad95c3759c068f1821533296087/ecoles_inge.csv'
---
Backtrace:
▆
1. ├─readr::read_csv("https://gist.githubusercontent.com/juba/ccba4dadb899588d0301968fd974a99f/raw/5dedadc47c343ad95c3759c068f1821533296087/ecoles_inge.csv")
2. │ └─vroom::vroom(...)
3. │ └─vroom:::vroom_(...)
4. ├─base (local) `<fn>`(`<url>`, "rb")
5. └─base::open.connection(`<url>`, "rb")
~~~~~~~~~~~~~~~~~~~~~~~~~~~~~~~~~~~~~~~~~~~~~~~~~~~~~~~~~~~~~~~~~~~~~~~~~~~~~~~~
Error: processing vignette 'gallery.Rmd' failed with diagnostics:
cannot open the connection to 'https://gist.githubusercontent.com/juba/ccba4dadb899588d0301968fd974a99f/raw/5dedadc47c343ad95c3759c068f1821533296087/ecoles_inge.csv'
--- failed re-building 'gallery.Rmd'
--- re-building 'introduction.Rmd' using rmarkdown
--- finished re-building 'introduction.Rmd'
--- re-building 'shiny.Rmd' using rmarkdown
--- finished re-building 'shiny.Rmd'
SUMMARY: processing the following file failed:
'gallery.Rmd'
Error: Vignette re-building failed.
Execution halted
Flavor: r-devel-windows-x86_64
These binaries (installable software) and packages are in development.
They may not be fully stable and should be used with caution. We make no claims about them.