CRAN Package Check Results for Package robumeta

Last updated on 2025-11-13 11:51:13 CET.

Flavor Version Tinstall Tcheck Ttotal Status Flags
r-devel-linux-x86_64-debian-clang 2.1 2.85 28.24 31.09 NOTE
r-devel-linux-x86_64-debian-gcc 2.1 1.91 21.91 23.82 NOTE
r-devel-linux-x86_64-fedora-clang 2.1 49.30 NOTE
r-devel-linux-x86_64-fedora-gcc 2.1 12.00 50.77 62.77 NOTE
r-devel-windows-x86_64 2.1 4.00 47.00 51.00 NOTE
r-patched-linux-x86_64 2.1 3.07 26.71 29.78 NOTE
r-release-linux-x86_64 2.1 2.56 27.15 29.71 NOTE
r-release-macos-arm64 2.1 2.00 22.00 24.00 NOTE
r-release-macos-x86_64 2.1 2.00 42.00 44.00 NOTE
r-release-windows-x86_64 2.1 5.00 46.00 51.00 NOTE
r-oldrel-macos-arm64 2.1 2.00 21.00 23.00 NOTE
r-oldrel-macos-x86_64 2.1 2.00 32.00 34.00 NOTE
r-oldrel-windows-x86_64 2.1 7.00 55.00 62.00 NOTE

Check Details

Version: 2.1
Check: Rd files
Result: NOTE checkRd: (-1) oswald2013.Rd:10-15: Only 4 columns allowed in this table (row 1 has 3) checkRd: (-1) oswald2013.Rd:10-15: Only 4 columns allowed in this table (row 2 has 3) checkRd: (-1) oswald2013.Rd:10-15: Only 4 columns allowed in this table (row 3 has 3) checkRd: (-1) oswald2013.Rd:10-15: Only 4 columns allowed in this table (row 4 has 3) checkRd: (-1) oswald2013.Rd:10-15: Only 4 columns allowed in this table (row 5 has 3) checkRd: (-1) oswald2013.Rd:10-15: Only 4 columns allowed in this table (row 6 has 3) checkRd: (-1) oswald2013.Rd:10-15: Only 4 columns allowed in this table (row 7 has 3) checkRd: (-1) oswald2013.Rd:10-15: Only 4 columns allowed in this table (row 8 has 3) checkRd: (-1) oswald2013.Rd:10-15: Only 4 columns allowed in this table (row 9 has 3) checkRd: (-1) oswald2013.Rd:10-15: Only 4 columns allowed in this table (row 10 has 3) checkRd: (-1) oswald2013.Rd:10-15: Only 4 columns allowed in this table (row 11 has 3) checkRd: (-1) oswald2013.Rd:10-15: Only 4 columns allowed in this table (row 12 has 3) checkRd: (-1) oswald2013.ex1.Rd:10-16: Only 4 columns allowed in this table (row 1 has 3) checkRd: (-1) oswald2013.ex1.Rd:10-16: Only 4 columns allowed in this table (row 2 has 3) checkRd: (-1) oswald2013.ex1.Rd:10-16: Only 4 columns allowed in this table (row 3 has 3) checkRd: (-1) oswald2013.ex1.Rd:10-16: Only 4 columns allowed in this table (row 4 has 3) checkRd: (-1) oswald2013.ex1.Rd:10-16: Only 4 columns allowed in this table (row 5 has 3) checkRd: (-1) oswald2013.ex1.Rd:10-16: Only 4 columns allowed in this table (row 6 has 3) checkRd: (-1) oswald2013.ex1.Rd:10-16: Only 4 columns allowed in this table (row 7 has 3) checkRd: (-1) oswald2013.ex1.Rd:10-16: Only 4 columns allowed in this table (row 8 has 3) checkRd: (-1) oswald2013.ex1.Rd:10-16: Only 4 columns allowed in this table (row 9 has 3) checkRd: (-1) oswald2013.ex1.Rd:10-16: Only 4 columns allowed in this table (row 10 has 3) checkRd: (-1) oswald2013.ex1.Rd:10-16: Only 4 columns allowed in this table (row 11 has 3) checkRd: (-1) oswald2013.ex1.Rd:10-16: Only 4 columns allowed in this table (row 12 has 3) checkRd: (-1) oswald2013.ex1.Rd:10-16: Only 4 columns allowed in this table (row 13 has 3) checkRd: (-1) oswald2013.ex1.Rd:10-16: Only 4 columns allowed in this table (row 14 has 3) checkRd: (-1) predict.robu.Rd:36-42: Lost braces in \itemize; meant \describe ? checkRd: (-1) predict.robu.Rd:43-49: Lost braces in \itemize; meant \describe ? checkRd: (-1) predict.robu.Rd:50-55: Lost braces in \itemize; meant \describe ? Flavors: r-devel-linux-x86_64-debian-clang, r-devel-linux-x86_64-debian-gcc, r-devel-linux-x86_64-fedora-clang, r-devel-linux-x86_64-fedora-gcc, r-devel-windows-x86_64

Version: 2.1
Check: Rd files
Result: NOTE checkRd: (-1) predict.robu.Rd:36-42: Lost braces in \itemize; meant \describe ? checkRd: (-1) predict.robu.Rd:43-49: Lost braces in \itemize; meant \describe ? checkRd: (-1) predict.robu.Rd:50-55: Lost braces in \itemize; meant \describe ? Flavors: r-patched-linux-x86_64, r-release-linux-x86_64, r-release-macos-arm64, r-release-macos-x86_64, r-release-windows-x86_64, r-oldrel-macos-arm64, r-oldrel-macos-x86_64, r-oldrel-windows-x86_64

These binaries (installable software) and packages are in development.
They may not be fully stable and should be used with caution. We make no claims about them.