CRAN Package Check Results for Package robumeta

Last updated on 2025-05-21 23:48:54 CEST.

Flavor Version Tinstall Tcheck Ttotal Status Flags
r-devel-linux-x86_64-debian-clang 2.1 2.40 26.37 28.77 NOTE
r-devel-linux-x86_64-debian-gcc 2.1 2.21 20.16 22.37 NOTE
r-devel-linux-x86_64-fedora-clang 2.1 47.42 NOTE
r-devel-linux-x86_64-fedora-gcc 2.1 59.38 NOTE
r-devel-windows-x86_64 2.1 5.00 55.00 60.00 NOTE
r-patched-linux-x86_64 2.1 2.96 25.31 28.27 NOTE
r-release-linux-x86_64 2.1 2.52 25.23 27.75 NOTE
r-release-macos-arm64 2.1 24.00 NOTE
r-release-macos-x86_64 2.1 44.00 NOTE
r-release-windows-x86_64 2.1 4.00 60.00 64.00 NOTE
r-oldrel-macos-arm64 2.1 23.00 NOTE
r-oldrel-macos-x86_64 2.1 34.00 NOTE
r-oldrel-windows-x86_64 2.1 6.00 53.00 59.00 NOTE

Check Details

Version: 2.1
Check: Rd files
Result: NOTE checkRd: (-1) predict.robu.Rd:36-42: Lost braces in \itemize; meant \describe ? checkRd: (-1) predict.robu.Rd:43-49: Lost braces in \itemize; meant \describe ? checkRd: (-1) predict.robu.Rd:50-55: Lost braces in \itemize; meant \describe ? Flavors: r-devel-linux-x86_64-debian-clang, r-devel-linux-x86_64-debian-gcc, r-devel-linux-x86_64-fedora-clang, r-devel-linux-x86_64-fedora-gcc, r-devel-windows-x86_64, r-patched-linux-x86_64, r-release-linux-x86_64, r-release-macos-arm64, r-release-macos-x86_64, r-release-windows-x86_64, r-oldrel-macos-arm64, r-oldrel-macos-x86_64, r-oldrel-windows-x86_64

These binaries (installable software) and packages are in development.
They may not be fully stable and should be used with caution. We make no claims about them.