Last updated on 2024-07-27 15:50:32 CEST.
Flavor | Version | Tinstall | Tcheck | Ttotal | Status | Flags |
---|---|---|---|---|---|---|
r-devel-linux-x86_64-debian-clang | 0.7-4 | 39.36 | 101.13 | 140.49 | OK | |
r-devel-linux-x86_64-debian-gcc | 0.7-4 | NOTE | ||||
r-devel-linux-x86_64-fedora-clang | 0.7-4 | 169.35 | OK | |||
r-devel-linux-x86_64-fedora-gcc | 0.7-4 | 153.78 | OK | |||
r-devel-windows-x86_64 | 0.7-4 | 28.00 | 110.00 | 138.00 | NOTE | |
r-patched-linux-x86_64 | 0.7-4 | OK | ||||
r-release-linux-x86_64 | 0.7-4 | 25.79 | 96.52 | 122.31 | OK | |
r-release-macos-arm64 | 0.7-4 | 50.00 | OK | |||
r-release-macos-x86_64 | 0.7-4 | 68.00 | OK | |||
r-release-windows-x86_64 | 0.7-4 | 28.00 | 108.00 | 136.00 | OK | |
r-oldrel-macos-arm64 | 0.7-4 | 58.00 | OK | |||
r-oldrel-macos-x86_64 | 0.7-4 | 126.00 | OK | |||
r-oldrel-windows-x86_64 | 0.7-4 | 33.00 | 126.00 | 159.00 | OK |
Version: 0.7-4
Check: Rd cross-references
Result: NOTE
Found the following Rd file(s) with Rd \link{} targets missing package
anchors:
plot.covfm.Rd: fit.models
plot.glmRob.Rd: plot.glmfm
plot.lmRob.Rd: plot.lmfm
summary.covfm.Rd: fit.models
Please provide package anchors for all Rd \link{} targets not in the
package itself and the base packages.
Flavors: r-devel-linux-x86_64-debian-gcc, r-devel-windows-x86_64
These binaries (installable software) and packages are in development.
They may not be fully stable and should be used with caution. We make no claims about them.