Last updated on 2025-02-16 08:50:59 CET.
Flavor | Version | Tinstall | Tcheck | Ttotal | Status | Flags |
---|---|---|---|---|---|---|
r-devel-linux-x86_64-debian-clang | 0.2.2 | 6.84 | 158.45 | 165.29 | NOTE | |
r-devel-linux-x86_64-debian-gcc | 0.2.2 | 4.06 | 105.23 | 109.29 | NOTE | |
r-devel-linux-x86_64-fedora-clang | 0.2.2 | 267.85 | OK | |||
r-devel-linux-x86_64-fedora-gcc | 0.2.2 | 266.65 | OK | |||
r-devel-macos-arm64 | 0.2.2 | 87.00 | OK | |||
r-devel-macos-x86_64 | 0.2.2 | 170.00 | OK | |||
r-devel-windows-x86_64 | 0.2.2 | 9.00 | 183.00 | 192.00 | NOTE | |
r-patched-linux-x86_64 | 0.2.2 | 15.31 | 145.08 | 160.39 | OK | |
r-release-linux-x86_64 | 0.2.2 | 5.82 | 145.67 | 151.49 | OK | |
r-release-macos-arm64 | 0.2.2 | 79.00 | OK | |||
r-release-macos-x86_64 | 0.2.2 | 152.00 | OK | |||
r-release-windows-x86_64 | 0.2.2 | 9.00 | 178.00 | 187.00 | OK | |
r-oldrel-macos-arm64 | 0.2.2 | 84.00 | OK | |||
r-oldrel-macos-x86_64 | 0.2.2 | 126.00 | NOTE | |||
r-oldrel-windows-x86_64 | 0.2.2 | 10.00 | 217.00 | 227.00 | OK |
Version: 0.2.2
Check: Rd cross-references
Result: NOTE
Found the following Rd file(s) with Rd \link{} targets missing package
anchors:
case_resampling.Rd: foreach
Please provide package anchors for all Rd \link{} targets not in the
package itself and the base packages.
Flavors: r-devel-linux-x86_64-debian-clang, r-devel-linux-x86_64-debian-gcc, r-devel-windows-x86_64
Version: 0.2.2
Check: package dependencies
Result: NOTE
Package suggested but not available for checking: ‘ivgets’
Flavor: r-oldrel-macos-x86_64
Version: 0.2.2
Check: Rd cross-references
Result: NOTE
Package unavailable to check Rd xrefs: ‘ivgets’
Flavor: r-oldrel-macos-x86_64
These binaries (installable software) and packages are in development.
They may not be fully stable and should be used with caution. We make no claims about them.