Last updated on 2024-07-27 15:50:32 CEST.
Flavor | Version | Tinstall | Tcheck | Ttotal | Status | Flags |
---|---|---|---|---|---|---|
r-devel-linux-x86_64-debian-clang | 0.2.2 | 6.45 | 200.31 | 206.76 | OK | |
r-devel-linux-x86_64-debian-gcc | 0.2.2 | NOTE | ||||
r-devel-linux-x86_64-fedora-clang | 0.2.2 | 162.70 | OK | |||
r-devel-linux-x86_64-fedora-gcc | 0.2.2 | 257.54 | OK | |||
r-devel-windows-x86_64 | 0.2.2 | 9.00 | 178.00 | 187.00 | NOTE | |
r-patched-linux-x86_64 | 0.2.2 | OK | ||||
r-release-linux-x86_64 | 0.2.2 | 5.17 | 196.81 | 201.98 | OK | |
r-release-macos-arm64 | 0.2.2 | 79.00 | OK | |||
r-release-macos-x86_64 | 0.2.2 | 152.00 | OK | |||
r-release-windows-x86_64 | 0.2.2 | 8.00 | 179.00 | 187.00 | OK | |
r-oldrel-macos-arm64 | 0.2.2 | 84.00 | OK | |||
r-oldrel-macos-x86_64 | 0.2.2 | 126.00 | NOTE | |||
r-oldrel-windows-x86_64 | 0.2.2 | 11.00 | 229.00 | 240.00 | OK |
Version: 0.2.2
Check: Rd cross-references
Result: NOTE
Found the following Rd file(s) with Rd \link{} targets missing package
anchors:
case_resampling.Rd: foreach
Please provide package anchors for all Rd \link{} targets not in the
package itself and the base packages.
Flavors: r-devel-linux-x86_64-debian-gcc, r-devel-windows-x86_64
Version: 0.2.2
Check: package dependencies
Result: NOTE
Package suggested but not available for checking: ‘ivgets’
Flavor: r-oldrel-macos-x86_64
Version: 0.2.2
Check: Rd cross-references
Result: NOTE
Package unavailable to check Rd xrefs: ‘ivgets’
Flavor: r-oldrel-macos-x86_64
These binaries (installable software) and packages are in development.
They may not be fully stable and should be used with caution. We make no claims about them.