Last updated on 2025-05-01 08:52:44 CEST.
Flavor | Version | Tinstall | Tcheck | Ttotal | Status | Flags |
---|---|---|---|---|---|---|
r-devel-linux-x86_64-debian-clang | 0.1.3 | 52.28 | 69.80 | 122.08 | NOTE | |
r-devel-linux-x86_64-debian-gcc | 0.1.3 | 35.69 | 52.79 | 88.48 | NOTE | |
r-devel-linux-x86_64-fedora-clang | 0.1.3 | 204.42 | OK | |||
r-devel-linux-x86_64-fedora-gcc | 0.1.3 | 194.52 | OK | |||
r-devel-windows-x86_64 | 0.1.3 | 61.00 | 93.00 | 154.00 | OK | |
r-patched-linux-x86_64 | 0.1.3 | 50.51 | 66.39 | 116.90 | OK | |
r-release-linux-x86_64 | OK | |||||
r-release-macos-arm64 | 0.1.3 | 58.00 | OK | |||
r-release-macos-x86_64 | 0.1.3 | 116.00 | OK | |||
r-release-windows-x86_64 | 0.1.3 | 59.00 | 94.00 | 153.00 | OK | |
r-oldrel-macos-arm64 | 0.1.3 | 55.00 | OK | |||
r-oldrel-macos-x86_64 | 0.1.3 | 67.00 | OK | |||
r-oldrel-windows-x86_64 | 0.1.3 | 68.00 | 120.00 | 188.00 | OK |
Version: 0.1.3
Check: CRAN incoming feasibility
Result: NOTE
Maintainer: ‘Erlis Ruli <erlisr@yahoo.it>’
Package CITATION file contains call(s) to old-style personList() or
as.personList(). Please use c() on person objects instead.
Package CITATION file contains call(s) to old-style citEntry(). Please
use bibentry() instead.
The Description field contains
by Ruli et al. (2017) <arXiv:1706.01752>.
Please refer to arXiv e-prints via their arXiv DOI <doi:10.48550/arXiv.YYMM.NNNNN>.
Flavors: r-devel-linux-x86_64-debian-clang, r-devel-linux-x86_64-debian-gcc
These binaries (installable software) and packages are in development.
They may not be fully stable and should be used with caution. We make no claims about them.