CRAN Package Check Results for Package robustHD

Last updated on 2025-07-02 23:49:56 CEST.

Flavor Version Tinstall Tcheck Ttotal Status Flags
r-devel-linux-x86_64-debian-clang 0.8.1 87.56 117.41 204.97 OK
r-devel-linux-x86_64-debian-gcc 0.8.1 62.50 79.22 141.72 OK
r-devel-linux-x86_64-fedora-clang 0.8.1 357.60 OK
r-devel-linux-x86_64-fedora-gcc 0.8.1 332.39 OK
r-devel-windows-x86_64 0.8.1 103.00 149.00 252.00 OK
r-patched-linux-x86_64 0.8.1 90.81 110.22 201.03 OK
r-release-linux-x86_64 0.8.1 86.19 110.64 196.83 OK
r-release-macos-arm64 0.8.1 84.00 OK
r-release-macos-x86_64 0.8.1 154.00 OK
r-release-windows-x86_64 0.8.1 103.00 154.00 257.00 OK
r-oldrel-macos-arm64 0.8.1 89.00 NOTE
r-oldrel-macos-x86_64 0.8.1 183.00 NOTE
r-oldrel-windows-x86_64 0.8.1 119.00 185.00 304.00 OK

Check Details

Version: 0.8.1
Check: installed package size
Result: NOTE installed size is 6.9Mb sub-directories of 1Mb or more: data 1.5Mb libs 4.9Mb Flavors: r-oldrel-macos-arm64, r-oldrel-macos-x86_64

These binaries (installable software) and packages are in development.
They may not be fully stable and should be used with caution. We make no claims about them.