Last updated on 2024-07-27 15:50:32 CEST.
Flavor | Version | Tinstall | Tcheck | Ttotal | Status | Flags |
---|---|---|---|---|---|---|
r-devel-linux-x86_64-debian-clang | 0.8.1 | 118.61 | 141.91 | 260.52 | OK | |
r-devel-linux-x86_64-debian-gcc | 0.8.1 | OK | ||||
r-devel-linux-x86_64-fedora-clang | 0.8.1 | 389.41 | OK | |||
r-devel-linux-x86_64-fedora-gcc | 0.8.1 | 348.43 | OK | |||
r-devel-windows-x86_64 | 0.8.1 | 94.00 | 148.00 | 242.00 | OK | |
r-patched-linux-x86_64 | 0.8.1 | OK | ||||
r-release-linux-x86_64 | 0.8.1 | 98.81 | 135.21 | 234.02 | OK | |
r-release-macos-arm64 | 0.8.1 | 89.00 | NOTE | |||
r-release-macos-x86_64 | 0.8.1 | 183.00 | NOTE | |||
r-release-windows-x86_64 | 0.8.1 | 110.00 | 147.00 | 257.00 | OK | |
r-oldrel-macos-arm64 | 0.8.1 | 104.00 | NOTE | |||
r-oldrel-macos-x86_64 | 0.8.1 | 127.00 | NOTE | |||
r-oldrel-windows-x86_64 | 0.8.1 | 114.00 | 178.00 | 292.00 | OK |
Version: 0.8.1
Check: installed package size
Result: NOTE
installed size is 6.9Mb
sub-directories of 1Mb or more:
data 1.5Mb
libs 4.9Mb
Flavors: r-release-macos-arm64, r-release-macos-x86_64, r-oldrel-macos-arm64, r-oldrel-macos-x86_64
These binaries (installable software) and packages are in development.
They may not be fully stable and should be used with caution. We make no claims about them.