Last updated on 2025-05-01 08:52:44 CEST.
Flavor | Version | Tinstall | Tcheck | Ttotal | Status | Flags |
---|---|---|---|---|---|---|
r-devel-linux-x86_64-debian-clang | 0.8.1 | 89.79 | 119.95 | 209.74 | NOTE | |
r-devel-linux-x86_64-debian-gcc | 0.8.1 | 62.36 | 78.87 | 141.23 | OK | |
r-devel-linux-x86_64-fedora-clang | 0.8.1 | 347.80 | OK | |||
r-devel-linux-x86_64-fedora-gcc | 0.8.1 | 334.69 | OK | |||
r-devel-windows-x86_64 | 0.8.1 | 101.00 | 165.00 | 266.00 | OK | |
r-patched-linux-x86_64 | 0.8.1 | 88.17 | 109.35 | 197.52 | OK | |
r-release-linux-x86_64 | OK | |||||
r-release-macos-arm64 | 0.8.1 | 84.00 | OK | |||
r-release-macos-x86_64 | 0.8.1 | 154.00 | OK | |||
r-release-windows-x86_64 | 0.8.1 | 106.00 | 163.00 | 269.00 | OK | |
r-oldrel-macos-arm64 | 0.8.1 | 89.00 | NOTE | |||
r-oldrel-macos-x86_64 | 0.8.1 | 183.00 | NOTE | |||
r-oldrel-windows-x86_64 | 0.8.1 | 114.00 | 190.00 | 304.00 | OK |
Version: 0.8.1
Check: examples
Result: NOTE
Examples with CPU (user + system) or elapsed time > 5s
user system elapsed
perry.seqModel 6.486 0.004 7.975
diagnosticPlot 5.024 0.035 6.461
plot.seqModel 4.534 0.024 6.182
setupDiagnosticPlot 4.518 0.000 6.552
Flavor: r-devel-linux-x86_64-debian-clang
Version: 0.8.1
Check: installed package size
Result: NOTE
installed size is 6.9Mb
sub-directories of 1Mb or more:
data 1.5Mb
libs 4.9Mb
Flavors: r-oldrel-macos-arm64, r-oldrel-macos-x86_64
These binaries (installable software) and packages are in development.
They may not be fully stable and should be used with caution. We make no claims about them.