Last updated on 2025-10-03 11:50:59 CEST.
Flavor | Version | Tinstall | Tcheck | Ttotal | Status | Flags |
---|---|---|---|---|---|---|
r-devel-linux-x86_64-debian-clang | 0.8.2 | 90.38 | 134.73 | 225.11 | OK | |
r-devel-linux-x86_64-debian-gcc | 0.8.2 | 58.09 | 92.90 | 150.99 | OK | |
r-devel-linux-x86_64-fedora-clang | 0.8.2 | 430.58 | OK | |||
r-devel-linux-x86_64-fedora-gcc | 0.8.2 | 285.91 | OK | |||
r-devel-windows-x86_64 | 0.8.1 | 108.00 | 161.00 | 269.00 | WARN | |
r-patched-linux-x86_64 | 0.8.1 | 91.94 | 127.15 | 219.09 | WARN | |
r-release-linux-x86_64 | 0.8.1 | 85.47 | 126.69 | 212.16 | WARN | |
r-release-macos-arm64 | 0.8.1 | 84.00 | OK | |||
r-release-macos-x86_64 | 0.8.2 | 154.00 | OK | |||
r-release-windows-x86_64 | 0.8.1 | 102.00 | 162.00 | 264.00 | WARN | |
r-oldrel-macos-arm64 | 0.8.1 | 89.00 | NOTE | |||
r-oldrel-macos-x86_64 | 0.8.2 | 155.00 | NOTE | |||
r-oldrel-windows-x86_64 | 0.8.2 | 85.00 | 177.00 | 262.00 | OK |
Version: 0.8.1
Check: whether package can be installed
Result: WARN
Found the following significant warnings:
fastGrplars.cpp:158:24: warning: 'eT arma::Mat<eT>::max(arma::uword&) const [with eT = double; arma::uword = unsigned int]' is deprecated: use .index_max() instead [-Wdeprecated-declarations]
fastGrplars.cpp:239:42: warning: 'eT arma::Mat<eT>::min(arma::uword&) const [with eT = double; arma::uword = unsigned int]' is deprecated: use .index_min() instead [-Wdeprecated-declarations]
fastLars.cpp:103:21: warning: 'eT arma::Mat<eT>::max(arma::uword&) const [with eT = double; arma::uword = unsigned int]' is deprecated: use .index_max() instead [-Wdeprecated-declarations]
fastLars.cpp:180:35: warning: 'eT arma::Mat<eT>::min(arma::uword&) const [with eT = double; arma::uword = unsigned int]' is deprecated: use .index_min() instead [-Wdeprecated-declarations]
fastLars.cpp:181:33: warning: 'eT arma::Mat<eT>::min(arma::uword&) const [with eT = double; arma::uword = unsigned int]' is deprecated: use .index_min() instead [-Wdeprecated-declarations]
See 'd:/Rcompile/CRANpkg/local/4.6/robustHD.Rcheck/00install.out' for details.
* used C compiler: 'gcc.exe (GCC) 14.2.0'
* used C++ compiler: 'g++.exe (GCC) 14.2.0'
Flavor: r-devel-windows-x86_64
Version: 0.8.1
Check: whether package can be installed
Result: WARN
Found the following significant warnings:
fastGrplars.cpp:158:24: warning: ‘eT arma::Mat<eT>::max(arma::uword&) const [with eT = double; arma::uword = unsigned int]’ is deprecated: use .index_max() instead [-Wdeprecated-declarations]
fastGrplars.cpp:239:42: warning: ‘eT arma::Mat<eT>::min(arma::uword&) const [with eT = double; arma::uword = unsigned int]’ is deprecated: use .index_min() instead [-Wdeprecated-declarations]
fastLars.cpp:103:21: warning: ‘eT arma::Mat<eT>::max(arma::uword&) const [with eT = double; arma::uword = unsigned int]’ is deprecated: use .index_max() instead [-Wdeprecated-declarations]
fastLars.cpp:180:35: warning: ‘eT arma::Mat<eT>::min(arma::uword&) const [with eT = double; arma::uword = unsigned int]’ is deprecated: use .index_min() instead [-Wdeprecated-declarations]
fastLars.cpp:181:33: warning: ‘eT arma::Mat<eT>::min(arma::uword&) const [with eT = double; arma::uword = unsigned int]’ is deprecated: use .index_min() instead [-Wdeprecated-declarations]
See ‘/home/hornik/tmp/R.check/r-patched-gcc/Work/PKGS/robustHD.Rcheck/00install.out’ for details.
* used C compiler: ‘gcc-14 (Debian 14.3.0-8) 14.3.0’
* used C++ compiler: ‘g++-14 (Debian 14.3.0-8) 14.3.0’
Flavor: r-patched-linux-x86_64
Version: 0.8.1
Check: whether package can be installed
Result: WARN
Found the following significant warnings:
fastGrplars.cpp:158:24: warning: ‘eT arma::Mat<eT>::max(arma::uword&) const [with eT = double; arma::uword = unsigned int]’ is deprecated: use .index_max() instead [-Wdeprecated-declarations]
fastGrplars.cpp:239:42: warning: ‘eT arma::Mat<eT>::min(arma::uword&) const [with eT = double; arma::uword = unsigned int]’ is deprecated: use .index_min() instead [-Wdeprecated-declarations]
fastLars.cpp:103:21: warning: ‘eT arma::Mat<eT>::max(arma::uword&) const [with eT = double; arma::uword = unsigned int]’ is deprecated: use .index_max() instead [-Wdeprecated-declarations]
fastLars.cpp:180:35: warning: ‘eT arma::Mat<eT>::min(arma::uword&) const [with eT = double; arma::uword = unsigned int]’ is deprecated: use .index_min() instead [-Wdeprecated-declarations]
fastLars.cpp:181:33: warning: ‘eT arma::Mat<eT>::min(arma::uword&) const [with eT = double; arma::uword = unsigned int]’ is deprecated: use .index_min() instead [-Wdeprecated-declarations]
See ‘/home/hornik/tmp/R.check/r-release-gcc/Work/PKGS/robustHD.Rcheck/00install.out’ for details.
* used C compiler: ‘gcc-14 (Debian 14.3.0-8) 14.3.0’
* used C++ compiler: ‘g++-14 (Debian 14.3.0-8) 14.3.0’
Flavor: r-release-linux-x86_64
Version: 0.8.1
Check: whether package can be installed
Result: WARN
Found the following significant warnings:
fastGrplars.cpp:158:24: warning: 'eT arma::Mat<eT>::max(arma::uword&) const [with eT = double; arma::uword = unsigned int]' is deprecated: use .index_max() instead [-Wdeprecated-declarations]
fastGrplars.cpp:239:42: warning: 'eT arma::Mat<eT>::min(arma::uword&) const [with eT = double; arma::uword = unsigned int]' is deprecated: use .index_min() instead [-Wdeprecated-declarations]
fastLars.cpp:103:21: warning: 'eT arma::Mat<eT>::max(arma::uword&) const [with eT = double; arma::uword = unsigned int]' is deprecated: use .index_max() instead [-Wdeprecated-declarations]
fastLars.cpp:180:35: warning: 'eT arma::Mat<eT>::min(arma::uword&) const [with eT = double; arma::uword = unsigned int]' is deprecated: use .index_min() instead [-Wdeprecated-declarations]
fastLars.cpp:181:33: warning: 'eT arma::Mat<eT>::min(arma::uword&) const [with eT = double; arma::uword = unsigned int]' is deprecated: use .index_min() instead [-Wdeprecated-declarations]
See 'd:/Rcompile/CRANpkg/local/4.5/robustHD.Rcheck/00install.out' for details.
* used C compiler: 'gcc.exe (GCC) 14.2.0'
* used C++ compiler: 'g++.exe (GCC) 14.2.0'
Flavor: r-release-windows-x86_64
Version: 0.8.1
Check: installed package size
Result: NOTE
installed size is 6.9Mb
sub-directories of 1Mb or more:
data 1.5Mb
libs 4.9Mb
Flavor: r-oldrel-macos-arm64
Version: 0.8.2
Check: installed package size
Result: NOTE
installed size is 7.3Mb
sub-directories of 1Mb or more:
data 1.5Mb
libs 5.3Mb
Flavor: r-oldrel-macos-x86_64
These binaries (installable software) and packages are in development.
They may not be fully stable and should be used with caution. We make no claims about them.