Last updated on 2025-05-21 21:49:29 CEST.
Flavor | Version | Tinstall | Tcheck | Ttotal | Status | Flags |
---|---|---|---|---|---|---|
r-devel-linux-x86_64-debian-clang | 0.1 | 72.93 | 107.44 | 180.37 | NOTE | |
r-devel-linux-x86_64-debian-gcc | 0.1 | 49.70 | 77.28 | 126.98 | NOTE | |
r-devel-linux-x86_64-fedora-clang | 0.1 | 314.87 | NOTE | |||
r-devel-linux-x86_64-fedora-gcc | 0.1 | 297.70 | NOTE | |||
r-devel-windows-x86_64 | 0.1 | 83.00 | 136.00 | 219.00 | NOTE | |
r-patched-linux-x86_64 | 0.1 | 66.08 | 99.58 | 165.66 | NOTE | |
r-release-linux-x86_64 | 0.1 | 66.67 | 100.19 | 166.86 | NOTE | |
r-release-macos-arm64 | 0.1 | 69.00 | NOTE | |||
r-release-macos-x86_64 | 0.1 | 105.00 | NOTE | |||
r-release-windows-x86_64 | 0.1 | 82.00 | 140.00 | 222.00 | NOTE | |
r-oldrel-macos-arm64 | 0.1 | 71.00 | NOTE | |||
r-oldrel-macos-x86_64 | 0.1 | 86.00 | NOTE | |||
r-oldrel-windows-x86_64 | 0.1 | 102.00 | 163.00 | 265.00 | NOTE |
Version: 0.1
Check: C++ specification
Result: NOTE
Specified C++11: please drop specification unless essential
Flavors: r-devel-linux-x86_64-debian-clang, r-devel-linux-x86_64-debian-gcc, r-devel-linux-x86_64-fedora-clang, r-devel-linux-x86_64-fedora-gcc, r-devel-windows-x86_64, r-patched-linux-x86_64, r-release-linux-x86_64, r-release-macos-arm64, r-release-macos-x86_64, r-release-windows-x86_64, r-oldrel-macos-arm64, r-oldrel-macos-x86_64, r-oldrel-windows-x86_64
These binaries (installable software) and packages are in development.
They may not be fully stable and should be used with caution. We make no claims about them.