Last updated on 2024-07-27 15:50:32 CEST.
Flavor | Version | Tinstall | Tcheck | Ttotal | Status | Flags |
---|---|---|---|---|---|---|
r-devel-linux-x86_64-debian-clang | 0.1 | 87.63 | 126.10 | 213.73 | NOTE | |
r-devel-linux-x86_64-debian-gcc | 0.1 | NOTE | ||||
r-devel-linux-x86_64-fedora-clang | 0.1 | 341.71 | NOTE | |||
r-devel-linux-x86_64-fedora-gcc | 0.1 | 289.68 | NOTE | |||
r-devel-windows-x86_64 | 0.1 | 76.00 | 125.00 | 201.00 | NOTE | |
r-patched-linux-x86_64 | 0.1 | NOTE | ||||
r-release-linux-x86_64 | 0.1 | 58.43 | 121.93 | 180.36 | NOTE | |
r-release-macos-arm64 | 0.1 | 71.00 | NOTE | |||
r-release-macos-x86_64 | 0.1 | 86.00 | NOTE | |||
r-release-windows-x86_64 | 0.1 | 96.00 | 124.00 | 220.00 | NOTE | |
r-oldrel-macos-arm64 | 0.1 | 83.00 | NOTE | |||
r-oldrel-macos-x86_64 | 0.1 | 141.00 | NOTE | |||
r-oldrel-windows-x86_64 | 0.1 | 94.00 | 153.00 | 247.00 | NOTE |
Version: 0.1
Check: C++ specification
Result: NOTE
Specified C++11: please drop specification unless essential
Flavors: r-devel-linux-x86_64-debian-clang, r-devel-linux-x86_64-debian-gcc, r-devel-linux-x86_64-fedora-clang, r-devel-linux-x86_64-fedora-gcc, r-devel-windows-x86_64, r-patched-linux-x86_64, r-release-linux-x86_64, r-release-macos-arm64, r-release-macos-x86_64, r-release-windows-x86_64, r-oldrel-macos-arm64, r-oldrel-macos-x86_64, r-oldrel-windows-x86_64
These binaries (installable software) and packages are in development.
They may not be fully stable and should be used with caution. We make no claims about them.