Last updated on 2025-02-16 08:50:59 CET.
Flavor | Version | Tinstall | Tcheck | Ttotal | Status | Flags |
---|---|---|---|---|---|---|
r-devel-linux-x86_64-debian-clang | 0.1 | 75.75 | 99.78 | 175.53 | NOTE | |
r-devel-linux-x86_64-debian-gcc | 0.1 | 48.41 | 73.29 | 121.70 | NOTE | |
r-devel-linux-x86_64-fedora-clang | 0.1 | 307.80 | NOTE | |||
r-devel-linux-x86_64-fedora-gcc | 0.1 | 292.60 | NOTE | |||
r-devel-macos-arm64 | 0.1 | 70.00 | NOTE | |||
r-devel-macos-x86_64 | 0.1 | 105.00 | NOTE | |||
r-devel-windows-x86_64 | 0.1 | 73.00 | 129.00 | 202.00 | NOTE | |
r-patched-linux-x86_64 | 0.1 | 69.73 | 91.72 | 161.45 | NOTE | |
r-release-linux-x86_64 | 0.1 | 64.89 | 92.57 | 157.46 | NOTE | |
r-release-macos-arm64 | 0.1 | 71.00 | NOTE | |||
r-release-macos-x86_64 | 0.1 | 86.00 | NOTE | |||
r-release-windows-x86_64 | 0.1 | 73.00 | 123.00 | 196.00 | NOTE | |
r-oldrel-macos-arm64 | 0.1 | 83.00 | NOTE | |||
r-oldrel-macos-x86_64 | 0.1 | 141.00 | NOTE | |||
r-oldrel-windows-x86_64 | 0.1 | 98.00 | 148.00 | 246.00 | NOTE |
Version: 0.1
Check: C++ specification
Result: NOTE
Specified C++11: please drop specification unless essential
Flavors: r-devel-linux-x86_64-debian-clang, r-devel-linux-x86_64-debian-gcc, r-devel-linux-x86_64-fedora-clang, r-devel-linux-x86_64-fedora-gcc, r-devel-macos-arm64, r-devel-macos-x86_64, r-devel-windows-x86_64, r-patched-linux-x86_64, r-release-linux-x86_64, r-release-macos-arm64, r-release-macos-x86_64, r-release-windows-x86_64, r-oldrel-macos-arm64, r-oldrel-macos-x86_64, r-oldrel-windows-x86_64
These binaries (installable software) and packages are in development.
They may not be fully stable and should be used with caution. We make no claims about them.