CRAN Package Check Results for Package robustfa

Last updated on 2025-02-16 08:50:59 CET.

Flavor Version Tinstall Tcheck Ttotal Status Flags
r-devel-linux-x86_64-debian-clang 1.1-0 6.36 70.88 77.24 NOTE
r-devel-linux-x86_64-debian-gcc 1.1-0 3.89 53.32 57.21 NOTE
r-devel-linux-x86_64-fedora-clang 1.1-0 124.76 OK
r-devel-linux-x86_64-fedora-gcc 1.1-0 133.21 OK
r-devel-macos-arm64 1.1-0 50.00 OK
r-devel-macos-x86_64 1.1-0 105.00 OK
r-devel-windows-x86_64 1.1-0 8.00 115.00 123.00 NOTE
r-patched-linux-x86_64 1.1-0 8.60 66.55 75.15 OK
r-release-linux-x86_64 1.1-0 5.89 67.18 73.07 OK
r-release-macos-arm64 1.1-0 46.00 OK
r-release-macos-x86_64 1.1-0 122.00 OK
r-release-windows-x86_64 1.1-0 8.00 117.00 125.00 OK
r-oldrel-macos-arm64 1.1-0 48.00 OK
r-oldrel-macos-x86_64 1.1-0 141.00 OK
r-oldrel-windows-x86_64 1.1-0 9.00 132.00 141.00 OK

Check Details

Version: 1.1-0
Check: Rd cross-references
Result: NOTE Found the following Rd file(s) with Rd \link{} targets missing package anchors: FaCov.Rd: CovControl-class, CovControlMcd-class, CovMcd, CovClassic myplotDD.Rd: CovClassic, getDistance Please provide package anchors for all Rd \link{} targets not in the package itself and the base packages. Flavors: r-devel-linux-x86_64-debian-clang, r-devel-linux-x86_64-debian-gcc, r-devel-windows-x86_64

These binaries (installable software) and packages are in development.
They may not be fully stable and should be used with caution. We make no claims about them.