CRAN Package Check Results for Package robustfa

Last updated on 2025-07-02 03:50:51 CEST.

Flavor Version Tinstall Tcheck Ttotal Status Flags
r-devel-linux-x86_64-debian-clang 1.1-0 6.02 71.64 77.66 NOTE
r-devel-linux-x86_64-debian-gcc 1.1-0 4.33 54.71 59.04 NOTE
r-devel-linux-x86_64-fedora-clang 1.1-0 121.63 OK
r-devel-linux-x86_64-fedora-gcc 1.1-0 129.47 OK
r-devel-windows-x86_64 1.1-0 7.00 117.00 124.00 NOTE
r-patched-linux-x86_64 NOTE
r-release-linux-x86_64 1.1-0 6.13 68.60 74.73 NOTE
r-release-macos-arm64 1.1-0 66.00 OK
r-release-macos-x86_64 1.1-0 97.00 OK
r-release-windows-x86_64 1.1-0 8.00 116.00 124.00 NOTE
r-oldrel-macos-arm64 1.1-0 46.00 OK
r-oldrel-macos-x86_64 1.1-0 122.00 OK
r-oldrel-windows-x86_64 1.1-0 10.00 133.00 143.00 OK

Check Details

Version: 1.1-0
Check: Rd cross-references
Result: NOTE Found the following Rd file(s) with Rd \link{} targets missing package anchors: FaCov.Rd: CovControl-class, CovControlMcd-class, CovMcd, CovClassic myplotDD.Rd: CovClassic, getDistance Please provide package anchors for all Rd \link{} targets not in the package itself and the base packages. Flavors: r-devel-linux-x86_64-debian-clang, r-devel-linux-x86_64-debian-gcc, r-devel-windows-x86_64, r-patched-linux-x86_64, r-release-linux-x86_64, r-release-windows-x86_64

These binaries (installable software) and packages are in development.
They may not be fully stable and should be used with caution. We make no claims about them.