Last updated on 2025-10-03 07:49:54 CEST.
Flavor | Version | Tinstall | Tcheck | Ttotal | Status | Flags |
---|---|---|---|---|---|---|
r-devel-linux-x86_64-debian-clang | 3.3-3 | 44.94 | 317.17 | 362.11 | OK | |
r-devel-linux-x86_64-debian-gcc | 3.3-3 | 33.46 | 217.34 | 250.80 | OK | |
r-devel-linux-x86_64-fedora-clang | 3.3-3 | 473.46 | OK | |||
r-devel-linux-x86_64-fedora-gcc | 3.3-3 | 602.59 | OK | |||
r-devel-windows-x86_64 | 3.3-3 | 56.00 | 338.00 | 394.00 | OK | |
r-patched-linux-x86_64 | 3.3-3 | 47.47 | 302.62 | 350.09 | OK | |
r-release-linux-x86_64 | 3.3-3 | 45.59 | 300.64 | 346.23 | OK | |
r-release-macos-arm64 | 3.3-3 | 176.00 | OK | |||
r-release-macos-x86_64 | 3.3-3 | 371.00 | OK | |||
r-release-windows-x86_64 | 3.3-3 | 55.00 | 342.00 | 397.00 | OK | |
r-oldrel-macos-arm64 | 3.3-3 | 154.00 | NOTE | |||
r-oldrel-macos-x86_64 | 3.3-3 | 377.00 | NOTE | |||
r-oldrel-windows-x86_64 | 3.3-3 | 69.00 | 449.00 | 518.00 | NOTE |
Version: 3.3-3
Check: installed package size
Result: NOTE
installed size is 9.7Mb
sub-directories of 1Mb or more:
doc 1.7Mb
libs 5.6Mb
simulationStudy 1.5Mb
Flavors: r-oldrel-macos-arm64, r-oldrel-macos-x86_64, r-oldrel-windows-x86_64
These binaries (installable software) and packages are in development.
They may not be fully stable and should be used with caution. We make no claims about them.