Last updated on 2025-05-01 08:52:44 CEST.
Flavor | Version | Tinstall | Tcheck | Ttotal | Status | Flags |
---|---|---|---|---|---|---|
r-devel-linux-x86_64-debian-clang | 2024.1-28 | 6.89 | 34.94 | 41.83 | NOTE | |
r-devel-linux-x86_64-debian-gcc | 2024.1-28 | 5.04 | 25.92 | 30.96 | NOTE | |
r-devel-linux-x86_64-fedora-clang | 2024.1-28 | 64.52 | OK | |||
r-devel-linux-x86_64-fedora-gcc | 2024.1-28 | 62.11 | OK | |||
r-devel-windows-x86_64 | 2024.1-28 | 10.00 | 57.00 | 67.00 | OK | |
r-patched-linux-x86_64 | 2024.1-28 | 6.65 | 33.54 | 40.19 | OK | |
r-release-linux-x86_64 | OK | |||||
r-release-macos-arm64 | 2024.1-28 | 24.00 | OK | |||
r-release-macos-x86_64 | 2024.1-28 | 41.00 | OK | |||
r-release-windows-x86_64 | 2024.1-28 | 12.00 | 68.00 | 80.00 | OK | |
r-oldrel-macos-arm64 | 2024.1-28 | 24.00 | OK | |||
r-oldrel-macos-x86_64 | 2024.1-28 | 33.00 | OK | |||
r-oldrel-windows-x86_64 | 2024.1-28 | 13.00 | 61.00 | 74.00 | OK |
Version: 2024.1-28
Check: CRAN incoming feasibility
Result: NOTE
Maintainer: ‘Youyi Fong <youyifong@gmail.com>’
No Authors@R field in DESCRIPTION.
Please add one, modifying
Authors@R: person(given = "Youyi",
family = "Fong",
role = c("aut", "cre"),
email = "youyifong@gmail.com")
as necessary.
Flavors: r-devel-linux-x86_64-debian-clang, r-devel-linux-x86_64-debian-gcc
Version: 2024.1-28
Check: examples
Result: NOTE
Examples with CPU (user + system) or elapsed time > 5s
user system elapsed
choose.test 4.721 0.001 5.483
Flavor: r-devel-linux-x86_64-debian-clang
These binaries (installable software) and packages are in development.
They may not be fully stable and should be used with caution. We make no claims about them.