Last updated on 2025-05-01 15:49:43 CEST.
Flavor | Version | Tinstall | Tcheck | Ttotal | Status | Flags |
---|---|---|---|---|---|---|
r-devel-linux-x86_64-debian-clang | 0.1.0 | 6.88 | 69.39 | 76.27 | NOTE | |
r-devel-linux-x86_64-debian-gcc | 0.1.0 | 5.65 | 52.61 | 58.26 | NOTE | |
r-devel-linux-x86_64-fedora-clang | 0.1.0 | 121.59 | OK | |||
r-devel-linux-x86_64-fedora-gcc | 0.1.0 | 115.84 | OK | |||
r-devel-windows-x86_64 | 0.1.0 | 8.00 | 80.00 | 88.00 | OK | |
r-patched-linux-x86_64 | 0.1.0 | 7.23 | 66.77 | 74.00 | OK | |
r-release-linux-x86_64 | OK | |||||
r-release-macos-arm64 | 0.1.0 | 43.00 | OK | |||
r-release-macos-x86_64 | 0.1.0 | 90.00 | OK | |||
r-release-windows-x86_64 | 0.1.0 | 8.00 | 84.00 | 92.00 | OK | |
r-oldrel-macos-arm64 | 0.1.0 | 36.00 | OK | |||
r-oldrel-macos-x86_64 | 0.1.0 | 67.00 | OK | |||
r-oldrel-windows-x86_64 | 0.1.0 | 10.00 | 96.00 | 106.00 | OK |
Version: 0.1.0
Check: CRAN incoming feasibility
Result: NOTE
Maintainer: ‘Jiyoun Myung <jiyoun@ufl.edu>’
No Authors@R field in DESCRIPTION.
Please add one, modifying
Authors@R: c(person(given = "Malay",
family = "Ghosh",
role = "aut"),
person(given = "Jiyoun",
family = "Myung",
role = c("aut", "cre"),
email = "jiyoun@ufl.edu"),
person(given = "Fernando",
family = "Moura",
role = "aut"))
as necessary.
Found the following \keyword or \concept entries
which likely give several index terms:
File ‘robustsae.Rd’:
\keyword{Hierarchical Bayes, Full Bayesian Analysi [TRUNCATED]
Flavors: r-devel-linux-x86_64-debian-clang, r-devel-linux-x86_64-debian-gcc
Version: 0.1.0
Check: examples
Result: NOTE
Examples with CPU (user + system) or elapsed time > 5s
user system elapsed
robustsae 8.544 0.623 10.983
Flavor: r-devel-linux-x86_64-debian-clang
Version: 0.1.0
Check: examples
Result: NA
user system elapsed
robustsae 5.164 0.478 6.96
OK
Flavor: r-devel-linux-x86_64-debian-gcc
These binaries (installable software) and packages are in development.
They may not be fully stable and should be used with caution. We make no claims about them.