Last updated on 2025-10-23 17:51:00 CEST.
| Flavor | Version | Tinstall | Tcheck | Ttotal | Status | Flags |
|---|---|---|---|---|---|---|
| r-devel-linux-x86_64-debian-clang | 1.2 | 7.16 | 57.83 | 64.99 | NOTE | |
| r-devel-linux-x86_64-debian-gcc | 1.2 | 5.09 | 44.33 | 49.42 | NOTE | |
| r-devel-linux-x86_64-fedora-clang | 1.2 | 13.00 | 82.26 | 95.26 | OK | |
| r-devel-linux-x86_64-fedora-gcc | 1.2 | 27.00 | 68.47 | 95.47 | OK | |
| r-devel-windows-x86_64 | 1.2 | 8.00 | 72.00 | 80.00 | OK | |
| r-patched-linux-x86_64 | 1.2 | 5.33 | 55.43 | 60.76 | OK | |
| r-release-linux-x86_64 | 1.2 | 6.29 | 55.11 | 61.40 | OK | |
| r-release-macos-arm64 | 1.2 | 4.00 | 34.00 | 38.00 | OK | |
| r-release-macos-x86_64 | 1.2 | 10.00 | 61.00 | 71.00 | OK | |
| r-release-windows-x86_64 | 1.2 | 8.00 | 74.00 | 82.00 | OK | |
| r-oldrel-macos-arm64 | 1.2 | 3.00 | 27.00 | 30.00 | OK | |
| r-oldrel-macos-x86_64 | 1.2 | 5.00 | 51.00 | 56.00 | OK | |
| r-oldrel-windows-x86_64 | 1.2 | 10.00 | 86.00 | 96.00 | OK |
Version: 1.2
Check: CRAN incoming feasibility
Result: NOTE
Maintainer: ‘Ben Sherwood <ben.sherwood@ku.edu>’
No Authors@R field in DESCRIPTION.
Please add one, modifying
Authors@R: person(given = "Ben",
family = "Sherwood",
role = c("aut", "cre"),
email = "ben.sherwood@ku.edu")
as necessary.
Flavors: r-devel-linux-x86_64-debian-clang, r-devel-linux-x86_64-debian-gcc
These binaries (installable software) and packages are in development.
They may not be fully stable and should be used with caution. We make no claims about them.