Last updated on 2025-10-24 01:50:38 CEST.
| Flavor | Version | Tinstall | Tcheck | Ttotal | Status | Flags |
|---|---|---|---|---|---|---|
| r-devel-linux-x86_64-debian-clang | 1.8.157 | 14.37 | 193.06 | 207.43 | NOTE | |
| r-devel-linux-x86_64-debian-gcc | 1.8.157 | 9.08 | 138.76 | 147.84 | NOTE | |
| r-devel-linux-x86_64-fedora-clang | 1.8.157 | 26.00 | 253.11 | 279.11 | NOTE | |
| r-devel-linux-x86_64-fedora-gcc | 1.8.157 | 47.00 | 252.36 | 299.36 | NOTE | |
| r-devel-windows-x86_64 | 1.8.157 | 15.00 | 265.00 | 280.00 | NOTE | |
| r-patched-linux-x86_64 | 1.8.157 | 13.98 | 186.34 | 200.32 | NOTE | |
| r-release-linux-x86_64 | 1.8.157 | 12.10 | 186.79 | 198.89 | NOTE | |
| r-release-macos-arm64 | 1.8.157 | 7.00 | 113.00 | 120.00 | NOTE | |
| r-release-macos-x86_64 | 1.8.157 | 13.00 | 203.00 | 216.00 | NOTE | |
| r-release-windows-x86_64 | 1.8.157 | 16.00 | 276.00 | 292.00 | NOTE | |
| r-oldrel-macos-arm64 | 1.8.157 | 6.00 | 97.00 | 103.00 | NOTE | |
| r-oldrel-macos-x86_64 | 1.8.157 | 9.00 | 132.00 | 141.00 | NOTE | |
| r-oldrel-windows-x86_64 | 1.8.157 | 21.00 | 301.00 | 322.00 | NOTE |
Version: 1.8.157
Check: Rd files
Result: NOTE
checkRd: (-1) descriptiveTable.Rd:18: Lost braces
18 | other object type that does not fail in code{model.frame(object)}.}
| ^
Flavors: r-devel-linux-x86_64-debian-clang, r-devel-linux-x86_64-debian-gcc, r-devel-linux-x86_64-fedora-clang, r-devel-linux-x86_64-fedora-gcc, r-devel-windows-x86_64, r-patched-linux-x86_64, r-release-linux-x86_64, r-release-macos-arm64, r-release-macos-x86_64, r-release-windows-x86_64, r-oldrel-macos-arm64, r-oldrel-macos-x86_64, r-oldrel-windows-x86_64
These binaries (installable software) and packages are in development.
They may not be fully stable and should be used with caution. We make no claims about them.