CRAN Package Check Results for Package rocker

Last updated on 2025-05-08 04:52:17 CEST.

Flavor Version Tinstall Tcheck Ttotal Status Flags
r-devel-linux-x86_64-debian-clang 0.3.1 5.42 78.26 83.68 NOTE
r-devel-linux-x86_64-debian-gcc 0.3.1 3.38 58.56 61.94 NOTE
r-devel-linux-x86_64-fedora-clang 0.3.1 136.51 OK
r-devel-linux-x86_64-fedora-gcc 0.3.1 145.99 OK
r-devel-windows-x86_64 0.3.1 6.00 110.00 116.00 NOTE
r-patched-linux-x86_64 0.3.1 7.74 71.84 79.58 NOTE
r-release-linux-x86_64 0.3.1 4.88 72.70 77.58 NOTE
r-release-macos-arm64 0.3.1 51.00 OK
r-release-macos-x86_64 0.3.1 90.00 OK
r-release-windows-x86_64 0.3.1 6.00 114.00 120.00 NOTE
r-oldrel-macos-arm64 0.3.1 46.00 OK
r-oldrel-macos-x86_64 0.3.1 70.00 OK
r-oldrel-windows-x86_64 0.3.1 8.00 131.00 139.00 OK

Check Details

Version: 0.3.1
Check: Rd cross-references
Result: NOTE Found the following Rd file(s) with Rd \link{} targets missing package anchors: newDB.Rd: R6, DBI rocker-R6-class.Rd: R6, DBI rocker-S3-functions.Rd: R6, DBI Please provide package anchors for all Rd \link{} targets not in the package itself and the base packages. Flavors: r-devel-linux-x86_64-debian-clang, r-devel-linux-x86_64-debian-gcc, r-devel-windows-x86_64, r-patched-linux-x86_64, r-release-linux-x86_64, r-release-windows-x86_64

These binaries (installable software) and packages are in development.
They may not be fully stable and should be used with caution. We make no claims about them.