CRAN Package Check Results for Package rockr

Last updated on 2025-11-13 15:51:23 CET.

Flavor Version Tinstall Tcheck Ttotal Status Flags
r-devel-linux-x86_64-debian-clang 1.0.0 2.62 29.84 32.46 OK
r-devel-linux-x86_64-debian-gcc 1.0.0 2.08 23.56 25.64 OK
r-devel-linux-x86_64-fedora-clang 1.0.0 47.08 NOTE
r-devel-linux-x86_64-fedora-gcc 1.0.0 10.00 36.61 46.61 NOTE
r-devel-windows-x86_64 1.0.0 6.00 54.00 60.00 OK
r-patched-linux-x86_64 1.0.0 3.37 27.91 31.28 OK
r-release-linux-x86_64 1.0.0 2.50 28.07 30.57 OK
r-release-macos-arm64 1.0.0 3.00 35.00 38.00 OK
r-release-macos-x86_64 1.0.0 2.00 30.00 32.00 OK
r-release-windows-x86_64 1.0.0 6.00 54.00 60.00 OK
r-oldrel-macos-arm64 1.0.0 1.00 17.00 18.00 NOTE
r-oldrel-macos-x86_64 1.0.0 2.00 25.00 27.00 NOTE
r-oldrel-windows-x86_64 1.0.0 6.00 61.00 67.00 NOTE

Check Details

Version: 1.0.0
Check: dependencies in R code
Result: NOTE Namespace in Imports field not imported from: ‘progress’ All declared Imports should be used. Flavors: r-devel-linux-x86_64-fedora-clang, r-devel-linux-x86_64-fedora-gcc

Version: 1.0.0
Check: LazyData
Result: NOTE 'LazyData' is specified without a 'data' directory Flavors: r-oldrel-macos-arm64, r-oldrel-macos-x86_64, r-oldrel-windows-x86_64

These binaries (installable software) and packages are in development.
They may not be fully stable and should be used with caution. We make no claims about them.