CRAN Package Check Results for Package rockr

Last updated on 2025-07-23 21:51:57 CEST.

Flavor Version Tinstall Tcheck Ttotal Status Flags
r-devel-linux-x86_64-debian-clang 1.0.0 2.40 28.36 30.76 OK
r-devel-linux-x86_64-debian-gcc 1.0.0 1.85 22.88 24.73 OK
r-devel-linux-x86_64-fedora-clang 1.0.0 46.90 NOTE
r-devel-linux-x86_64-fedora-gcc 1.0.0 44.83 NOTE
r-devel-windows-x86_64 1.0.0 5.00 55.00 60.00 OK
r-patched-linux-x86_64 1.0.0 2.84 26.54 29.38 OK
r-release-linux-x86_64 1.0.0 2.49 26.44 28.93 OK
r-release-macos-arm64 1.0.0 38.00 OK
r-release-macos-x86_64 1.0.0 32.00 OK
r-release-windows-x86_64 1.0.0 5.00 55.00 60.00 OK
r-oldrel-macos-arm64 1.0.0 18.00 NOTE
r-oldrel-macos-x86_64 1.0.0 27.00 NOTE
r-oldrel-windows-x86_64 1.0.0 6.00 64.00 70.00 NOTE

Check Details

Version: 1.0.0
Check: dependencies in R code
Result: NOTE Namespace in Imports field not imported from: ‘progress’ All declared Imports should be used. Flavors: r-devel-linux-x86_64-fedora-clang, r-devel-linux-x86_64-fedora-gcc

Version: 1.0.0
Check: LazyData
Result: NOTE 'LazyData' is specified without a 'data' directory Flavors: r-oldrel-macos-arm64, r-oldrel-macos-x86_64, r-oldrel-windows-x86_64

These binaries (installable software) and packages are in development.
They may not be fully stable and should be used with caution. We make no claims about them.