CRAN Package Check Results for Package rococo

Last updated on 2025-05-08 04:52:17 CEST.

Flavor Version Tinstall Tcheck Ttotal Status Flags
r-devel-linux-x86_64-debian-clang 1.1.9 26.55 37.42 63.97 NOTE
r-devel-linux-x86_64-debian-gcc 1.1.9 18.81 29.33 48.14 NOTE
r-devel-linux-x86_64-fedora-clang 1.1.9 111.02 OK
r-devel-linux-x86_64-fedora-gcc 1.1.9 129.23 OK
r-devel-windows-x86_64 1.1.9 28.00 83.00 111.00 OK
r-patched-linux-x86_64 1.1.9 26.19 35.64 61.83 OK
r-release-linux-x86_64 1.1.9 25.75 35.82 61.57 OK
r-release-macos-arm64 1.1.9 47.00 OK
r-release-macos-x86_64 1.1.9 67.00 OK
r-release-windows-x86_64 1.1.9 29.00 92.00 121.00 OK
r-oldrel-macos-arm64 1.1.9 54.00 OK
r-oldrel-macos-x86_64 1.1.9 93.00 OK
r-oldrel-windows-x86_64 1.1.9 27.00 99.00 126.00 OK

Check Details

Version: 1.1.9
Check: CRAN incoming feasibility
Result: NOTE Maintainer: ‘Ulrich Bodenhofer <ulrich@bodenhofer.com>’ No Authors@R field in DESCRIPTION. Please add one, modifying Authors@R: c(person(given = "Martin", family = "Krone", role = "aut"), person(given = "Ulrich", family = "Bodenhofer", role = c("aut", "cre"), email = "ulrich@bodenhofer.com")) as necessary. Flavors: r-devel-linux-x86_64-debian-clang, r-devel-linux-x86_64-debian-gcc

These binaries (installable software) and packages are in development.
They may not be fully stable and should be used with caution. We make no claims about them.