CRAN Package Check Results for Package rolldown

Last updated on 2025-11-12 18:50:44 CET.

Flavor Version Tinstall Tcheck Ttotal Status Flags
r-devel-linux-x86_64-debian-clang 0.2 2.20 30.71 32.91 NOTE
r-devel-linux-x86_64-debian-gcc 0.2 1.76 25.57 27.33 NOTE
r-devel-linux-x86_64-fedora-clang 0.2 48.63 OK
r-devel-linux-x86_64-fedora-gcc 0.2 15.00 49.66 64.66 OK
r-devel-windows-x86_64 0.2 4.00 46.00 50.00 OK
r-patched-linux-x86_64 0.2 2.36 28.64 31.00 OK
r-release-linux-x86_64 0.2 2.27 28.32 30.59 OK
r-release-macos-arm64 0.2 1.00 28.00 29.00 OK
r-release-macos-x86_64 0.2 2.00 46.00 48.00 OK
r-release-windows-x86_64 0.2 5.00 46.00 51.00 OK
r-oldrel-macos-arm64 0.2 1.00 40.00 41.00 OK
r-oldrel-macos-x86_64 0.2 2.00 50.00 52.00 OK
r-oldrel-windows-x86_64 0.2 5.00 56.00 61.00 OK

Check Details

Version: 0.2
Check: DESCRIPTION meta-information
Result: NOTE Author field differs from that derived from Authors@R Author: ‘Yihui Xie [aut, cre] (<https://orcid.org/0000-0003-0645-5666>, https://yihui.org), Siqi Zhang [ctb], Russell Goldenberg [ctb] (The JS library inst/resources/scrollama/scrollama.min.js)’ Authors@R: ‘Yihui Xie [aut, cre] (ORCID: <https://orcid.org/0000-0003-0645-5666>, URL: https://yihui.org), Siqi Zhang [ctb], Russell Goldenberg [ctb] (The JS library inst/resources/scrollama/scrollama.min.js)’ Flavors: r-devel-linux-x86_64-debian-clang, r-devel-linux-x86_64-debian-gcc

These binaries (installable software) and packages are in development.
They may not be fully stable and should be used with caution. We make no claims about them.