CRAN Package Check Results for Package rolldown

Last updated on 2025-02-16 08:50:59 CET.

Flavor Version Tinstall Tcheck Ttotal Status Flags
r-devel-linux-x86_64-debian-clang 0.1 2.47 28.74 31.21 NOTE
r-devel-linux-x86_64-debian-gcc 0.1 1.89 23.27 25.16 NOTE
r-devel-linux-x86_64-fedora-clang 0.1 51.04 OK
r-devel-linux-x86_64-fedora-gcc 0.1 61.27 OK
r-devel-macos-arm64 0.1 28.00 OK
r-devel-macos-x86_64 0.1 47.00 OK
r-devel-windows-x86_64 0.1 4.00 56.00 60.00 NOTE
r-patched-linux-x86_64 0.1 5.74 27.60 33.34 NOTE
r-release-linux-x86_64 0.1 2.13 27.74 29.87 NOTE
r-release-macos-arm64 0.1 25.00 NOTE
r-release-macos-x86_64 0.1 37.00 NOTE
r-release-windows-x86_64 0.1 4.00 54.00 58.00 NOTE
r-oldrel-macos-arm64 0.1 30.00 NOTE
r-oldrel-macos-x86_64 0.1 41.00 NOTE
r-oldrel-windows-x86_64 0.1 5.00 55.00 60.00 NOTE

Check Details

Version: 0.1
Check: Rd cross-references
Result: NOTE Found the following Rd file(s) with Rd \link{} targets missing package anchors: scrollama.Rd: html_document2 Please provide package anchors for all Rd \link{} targets not in the package itself and the base packages. Flavors: r-devel-linux-x86_64-debian-clang, r-devel-linux-x86_64-debian-gcc, r-devel-windows-x86_64

Version: 0.1
Check: LazyData
Result: NOTE 'LazyData' is specified without a 'data' directory Flavors: r-patched-linux-x86_64, r-release-linux-x86_64, r-release-macos-arm64, r-release-macos-x86_64, r-release-windows-x86_64, r-oldrel-macos-arm64, r-oldrel-macos-x86_64, r-oldrel-windows-x86_64

These binaries (installable software) and packages are in development.
They may not be fully stable and should be used with caution. We make no claims about them.