Last updated on 2025-10-23 11:50:26 CEST.
Flavor | Version | Tinstall | Tcheck | Ttotal | Status | Flags |
---|---|---|---|---|---|---|
r-devel-linux-x86_64-debian-clang | 2.0.4 | 4.64 | 38.17 | 42.81 | NOTE | |
r-devel-linux-x86_64-debian-gcc | 2.0.4 | 3.56 | 28.80 | 32.36 | OK | |
r-devel-linux-x86_64-fedora-clang | 2.0.4 | 11.00 | 52.69 | 63.69 | OK | |
r-devel-linux-x86_64-fedora-gcc | 2.0.4 | 15.00 | 45.97 | 60.97 | OK | |
r-devel-windows-x86_64 | 2.0.4 | 7.00 | 55.00 | 62.00 | OK | |
r-patched-linux-x86_64 | 2.0.4 | 4.45 | 35.25 | 39.70 | OK | |
r-release-linux-x86_64 | 2.0.4 | 4.19 | 35.04 | 39.23 | OK | |
r-release-macos-arm64 | 2.0.4 | 2.00 | 19.00 | 21.00 | OK | |
r-release-macos-x86_64 | 2.0.4 | 4.00 | 31.00 | 35.00 | OK | |
r-release-windows-x86_64 | 2.0.4 | 7.00 | 57.00 | 64.00 | OK | |
r-oldrel-macos-arm64 | 2.0.4 | 3.00 | 24.00 | 27.00 | OK | |
r-oldrel-macos-x86_64 | 2.0.4 | 4.00 | 35.00 | 39.00 | OK | |
r-oldrel-windows-x86_64 | 2.0.4 | 8.00 | 66.00 | 74.00 | OK |
Version: 2.0.4
Check: HTML version of manual
Result: NOTE
Found the following HTML validation problems:
check_lookback.html:46:1 (check_lookback.Rd:10): Warning: missing </ul> before </div>
run_checks_one.html:62:1 (run_checks_one.Rd:18): Warning: missing </ul> before </div>
run_checks_two.html:62:1 (run_checks_two.Rd:18): Warning: missing </ul> before </div>
Flavor: r-devel-linux-x86_64-debian-clang
These binaries (installable software) and packages are in development.
They may not be fully stable and should be used with caution. We make no claims about them.