CRAN Package Check Results for Package roloc

Last updated on 2025-07-02 03:50:51 CEST.

Flavor Version Tinstall Tcheck Ttotal Status Flags
r-devel-linux-x86_64-debian-clang 0.1-2 2.48 26.35 28.83 NOTE
r-devel-linux-x86_64-debian-gcc 0.1-2 1.84 20.90 22.74 NOTE
r-devel-linux-x86_64-fedora-clang 0.1-2 43.55 OK
r-devel-linux-x86_64-fedora-gcc 0.1-2 41.44 OK
r-devel-windows-x86_64 0.1-2 5.00 47.00 52.00 OK
r-patched-linux-x86_64 OK
r-release-linux-x86_64 0.1-2 1.98 24.61 26.59 OK
r-release-macos-arm64 0.1-2 21.00 OK
r-release-macos-x86_64 0.1-2 43.00 OK
r-release-windows-x86_64 0.1-2 5.00 48.00 53.00 OK
r-oldrel-macos-arm64 0.1-2 25.00 OK
r-oldrel-macos-x86_64 0.1-2 29.00 OK
r-oldrel-windows-x86_64 0.1-2 5.00 53.00 58.00 OK

Check Details

Version: 0.1-2
Check: CRAN incoming feasibility
Result: NOTE Maintainer: ‘Paul Murrell <paul@stat.auckland.ac.nz>’ No Authors@R field in DESCRIPTION. Please add one, modifying Authors@R: person(given = "Paul", family = "Murrell", role = c("aut", "cre"), email = "paul@stat.auckland.ac.nz") as necessary. Flavors: r-devel-linux-x86_64-debian-clang, r-devel-linux-x86_64-debian-gcc

These binaries (installable software) and packages are in development.
They may not be fully stable and should be used with caution. We make no claims about them.