Last updated on 2024-07-27 15:50:32 CEST.
Flavor | Version | Tinstall | Tcheck | Ttotal | Status | Flags |
---|---|---|---|---|---|---|
r-devel-linux-x86_64-debian-clang | 0.1 | 23.54 | 70.90 | 94.44 | OK | |
r-devel-linux-x86_64-debian-gcc | 0.1 | OK | ||||
r-devel-linux-x86_64-fedora-clang | 0.1 | 121.54 | NOTE | |||
r-devel-linux-x86_64-fedora-gcc | 0.1 | 126.19 | OK | |||
r-devel-windows-x86_64 | 0.1 | 26.00 | 66.00 | 92.00 | NOTE | |
r-patched-linux-x86_64 | 0.1 | OK | ||||
r-release-linux-x86_64 | 0.1 | 20.27 | 68.75 | 89.02 | OK | |
r-release-macos-arm64 | 0.1 | 42.00 | NOTE | |||
r-release-macos-x86_64 | 0.1 | 66.00 | NOTE | |||
r-release-windows-x86_64 | 0.1 | 25.00 | 67.00 | 92.00 | NOTE | |
r-oldrel-macos-arm64 | 0.1 | 47.00 | NOTE | |||
r-oldrel-macos-x86_64 | 0.1 | 81.00 | NOTE | |||
r-oldrel-windows-x86_64 | 0.1 | 30.00 | 69.00 | 99.00 | NOTE |
Version: 0.1
Check: installed package size
Result: NOTE
installed size is 6.0Mb
sub-directories of 1Mb or more:
R 3.2Mb
extdata 2.7Mb
Flavors: r-devel-linux-x86_64-fedora-clang, r-devel-windows-x86_64, r-release-macos-arm64, r-release-macos-x86_64, r-release-windows-x86_64, r-oldrel-macos-arm64, r-oldrel-macos-x86_64, r-oldrel-windows-x86_64
These binaries (installable software) and packages are in development.
They may not be fully stable and should be used with caution. We make no claims about them.