Last updated on 2025-02-16 08:50:59 CET.
Flavor | Version | Tinstall | Tcheck | Ttotal | Status | Flags |
---|---|---|---|---|---|---|
r-devel-linux-x86_64-debian-clang | 0.9.18 | 16.76 | 53.33 | 70.09 | OK | |
r-devel-linux-x86_64-debian-gcc | 0.9.20 | 14.46 | 34.74 | 49.20 | OK | |
r-devel-linux-x86_64-fedora-clang | 0.9.20 | 116.30 | OK | |||
r-devel-linux-x86_64-fedora-gcc | 0.9.18 | 133.35 | OK | |||
r-devel-macos-arm64 | 0.9.18 | 46.00 | OK | |||
r-devel-macos-x86_64 | 0.9.20 | 109.00 | OK | |||
r-devel-windows-x86_64 | 0.9.18 | 23.00 | 86.00 | 109.00 | OK | |
r-patched-linux-x86_64 | 0.9.18 | 20.20 | 49.05 | 69.25 | NOTE | |
r-release-linux-x86_64 | 0.9.20 | 18.38 | 47.32 | 65.70 | NOTE | |
r-release-macos-arm64 | 0.9.18 | 65.00 | NOTE | |||
r-release-macos-x86_64 | 0.9.20 | 124.00 | NOTE | |||
r-release-windows-x86_64 | 0.9.20 | 24.00 | 95.00 | 119.00 | NOTE | |
r-oldrel-macos-arm64 | 0.9.18 | 87.00 | NOTE | |||
r-oldrel-macos-x86_64 | 0.9.20 | 75.00 | NOTE | |||
r-oldrel-windows-x86_64 | 0.9.18 | 29.00 | 106.00 | 135.00 | NOTE |
Version: 0.9.18
Check: for GNU extensions in Makefiles
Result: NOTE
GNU make is a SystemRequirements.
Flavors: r-patched-linux-x86_64, r-release-macos-arm64, r-oldrel-macos-arm64, r-oldrel-windows-x86_64
Version: 0.9.20
Check: for GNU extensions in Makefiles
Result: NOTE
GNU make is a SystemRequirements.
Flavors: r-release-linux-x86_64, r-release-macos-x86_64, r-release-windows-x86_64, r-oldrel-macos-x86_64
These binaries (installable software) and packages are in development.
They may not be fully stable and should be used with caution. We make no claims about them.