CRAN Package Check Results for Package rolr

Last updated on 2025-02-19 17:51:03 CET.

Flavor Version Tinstall Tcheck Ttotal Status Flags
r-devel-linux-x86_64-debian-clang 1.0.0 2.05 51.54 53.59 OK
r-devel-linux-x86_64-debian-gcc 1.0.0 1.60 33.68 35.28 OK
r-devel-linux-x86_64-fedora-clang 1.0.0 83.67 OK
r-devel-linux-x86_64-fedora-gcc 1.0.0 80.44 OK
r-devel-macos-arm64 1.0.0 26.00 OK
r-devel-macos-x86_64 1.0.0 56.00 OK
r-devel-windows-x86_64 1.0.0 3.00 64.00 67.00 OK
r-patched-linux-x86_64 1.0.0 2.29 48.26 50.55 NOTE
r-release-linux-x86_64 1.0.0 1.91 47.83 49.74 NOTE
r-release-macos-arm64 1.0.0 24.00 NOTE
r-release-macos-x86_64 1.0.0 37.00 NOTE
r-release-windows-x86_64 1.0.0 3.00 65.00 68.00 NOTE
r-oldrel-macos-arm64 1.0.0 26.00 NOTE
r-oldrel-macos-x86_64 1.0.0 42.00 NOTE
r-oldrel-windows-x86_64 1.0.0 3.00 78.00 81.00 NOTE

Check Details

Version: 1.0.0
Check: LazyData
Result: NOTE 'LazyData' is specified without a 'data' directory Flavors: r-patched-linux-x86_64, r-release-linux-x86_64, r-release-macos-arm64, r-release-macos-x86_64, r-release-windows-x86_64, r-oldrel-macos-arm64, r-oldrel-macos-x86_64, r-oldrel-windows-x86_64

These binaries (installable software) and packages are in development.
They may not be fully stable and should be used with caution. We make no claims about them.