Last updated on 2025-10-23 23:49:43 CEST.
| Flavor | Version | Tinstall | Tcheck | Ttotal | Status | Flags |
|---|---|---|---|---|---|---|
| r-devel-linux-x86_64-debian-clang | 1.0 | 2.99 | 167.22 | 170.21 | NOTE | |
| r-devel-linux-x86_64-debian-gcc | 1.0 | 2.23 | 98.87 | 101.10 | OK | |
| r-devel-linux-x86_64-fedora-clang | 1.0 | 263.96 | OK | |||
| r-devel-linux-x86_64-fedora-gcc | 1.0 | 292.16 | OK | |||
| r-devel-windows-x86_64 | 1.0 | 3.00 | 184.00 | 187.00 | OK | |
| r-patched-linux-x86_64 | 1.0 | 2.86 | 161.33 | 164.19 | OK | |
| r-release-linux-x86_64 | 1.0 | 2.54 | 161.50 | 164.04 | OK | |
| r-release-macos-arm64 | 1.0 | 2.00 | 69.00 | 71.00 | OK | |
| r-release-macos-x86_64 | 1.0 | 3.00 | 171.00 | 174.00 | OK | |
| r-release-windows-x86_64 | 1.0 | 4.00 | 188.00 | 192.00 | OK | |
| r-oldrel-macos-arm64 | 1.0 | 2.00 | 63.00 | 65.00 | OK | |
| r-oldrel-macos-x86_64 | 1.0 | 3.00 | 124.00 | 127.00 | OK | |
| r-oldrel-windows-x86_64 | 1.0 | 5.00 | 247.00 | 252.00 | OK |
Version: 1.0
Check: HTML version of manual
Result: NOTE
Found the following HTML validation problems:
plotrope.html:61:1 (plotrope.Rd:19): Warning: missing </ul> before </div>
symmetric.matrix2vector.html:48:1 (symmetric.matrix2vector.Rd:10): Warning: missing </ul> before </div>
vector2symmetric.matrix.html:47:1 (vector2symmetric.matrix.Rd:10): Warning: missing </ul> before </div>
Flavor: r-devel-linux-x86_64-debian-clang
These binaries (installable software) and packages are in development.
They may not be fully stable and should be used with caution. We make no claims about them.