Last updated on 2025-02-16 08:50:59 CET.
Flavor | Version | Tinstall | Tcheck | Ttotal | Status | Flags |
---|---|---|---|---|---|---|
r-devel-linux-x86_64-debian-clang | 0.1.0 | 1.75 | 20.33 | 22.08 | NOTE | |
r-devel-linux-x86_64-debian-gcc | 0.1.0 | 1.43 | 16.98 | 18.41 | NOTE | |
r-devel-linux-x86_64-fedora-clang | 0.1.0 | 35.97 | NOTE | |||
r-devel-linux-x86_64-fedora-gcc | 0.1.0 | 34.13 | NOTE | |||
r-devel-macos-arm64 | 0.1.0 | 17.00 | NOTE | |||
r-devel-macos-x86_64 | 0.1.0 | 26.00 | NOTE | |||
r-devel-windows-x86_64 | 0.1.0 | 3.00 | 45.00 | 48.00 | NOTE | |
r-patched-linux-x86_64 | 0.1.0 | 1.83 | 19.44 | 21.27 | NOTE | |
r-release-linux-x86_64 | 0.1.0 | 1.68 | 19.50 | 21.18 | NOTE | |
r-release-macos-arm64 | 0.1.0 | 16.00 | NOTE | |||
r-release-macos-x86_64 | 0.1.0 | 24.00 | NOTE | |||
r-release-windows-x86_64 | 0.1.0 | 4.00 | 42.00 | 46.00 | NOTE | |
r-oldrel-macos-arm64 | 0.1.0 | 15.00 | NOTE | |||
r-oldrel-macos-x86_64 | 0.1.0 | 21.00 | NOTE | |||
r-oldrel-windows-x86_64 | 0.1.0 | 4.00 | 77.00 | 81.00 | NOTE |
Version: 0.1.0
Check: package subdirectories
Result: NOTE
Problems with news in ‘NEWS.md’:
No news entries found.
Flavors: r-devel-linux-x86_64-debian-clang, r-devel-linux-x86_64-debian-gcc, r-devel-linux-x86_64-fedora-clang, r-devel-linux-x86_64-fedora-gcc, r-devel-macos-arm64, r-devel-macos-x86_64, r-devel-windows-x86_64, r-patched-linux-x86_64, r-release-linux-x86_64, r-release-macos-arm64, r-release-macos-x86_64, r-release-windows-x86_64, r-oldrel-macos-arm64, r-oldrel-macos-x86_64, r-oldrel-windows-x86_64
These binaries (installable software) and packages are in development.
They may not be fully stable and should be used with caution. We make no claims about them.