Last updated on 2025-02-02 14:48:33 CET.
Flavor | Version | Tinstall | Tcheck | Ttotal | Status | Flags |
---|---|---|---|---|---|---|
r-devel-linux-x86_64-debian-clang | 0.1 | 2.87 | 57.57 | 60.44 | NOTE | |
r-devel-linux-x86_64-debian-gcc | 0.1 | 2.25 | 42.61 | 44.86 | NOTE | |
r-devel-linux-x86_64-fedora-clang | 0.1 | 93.89 | NOTE | |||
r-devel-linux-x86_64-fedora-gcc | 0.1 | 111.83 | NOTE | |||
r-devel-windows-x86_64 | 0.1 | 5.00 | 168.00 | 173.00 | NOTE | |
r-patched-linux-x86_64 | 0.1 | 2.87 | 52.19 | 55.06 | OK | |
r-release-linux-x86_64 | 0.1 | 1.71 | 53.78 | 55.49 | OK | |
r-release-macos-arm64 | 0.1 | 144.00 | OK | |||
r-release-macos-x86_64 | 0.1 | 175.00 | OK | |||
r-release-windows-x86_64 | 0.1 | 6.00 | 167.00 | 173.00 | OK | |
r-oldrel-macos-arm64 | 0.1 | 258.00 | OK | |||
r-oldrel-macos-x86_64 | 0.1 | 298.00 | OK | |||
r-oldrel-windows-x86_64 | 0.1 | 6.00 | 173.00 | 179.00 | OK |
Version: 0.1
Check: DESCRIPTION meta-information
Result: NOTE
Missing dependency on R >= 4.1.0 because package code uses the pipe
|> or function shorthand \(...) syntax added in R 4.1.0.
File(s) using such syntax:
‘add_longwave.R’ ‘convert_to_efi_standard.R’ ‘daily_to_hourly.R’
‘get_climate_projections.R’ ‘get_ensemble_forecast.R’
‘get_forecast.R’ ‘get_historical_weather.R’ ‘get_seasonal_forecast.R’
‘parse_ensemble.R’ ‘read_url.R’ ‘six_hourly_to_hourly.R’
‘write_glm_format.R’
Flavors: r-devel-linux-x86_64-debian-clang, r-devel-linux-x86_64-debian-gcc, r-devel-linux-x86_64-fedora-clang, r-devel-linux-x86_64-fedora-gcc, r-devel-windows-x86_64
These binaries (installable software) and packages are in development.
They may not be fully stable and should be used with caution. We make no claims about them.