CRAN Package Check Results for Package ropensecretsapi

Last updated on 2025-07-22 19:51:59 CEST.

Flavor Version Tinstall Tcheck Ttotal Status Flags
r-devel-linux-x86_64-debian-clang 1.0.1 2.50 24.45 26.95 NOTE
r-devel-linux-x86_64-debian-gcc 1.0.1 1.91 20.39 22.30 NOTE
r-devel-linux-x86_64-fedora-clang 1.0.1 41.08 OK
r-devel-linux-x86_64-fedora-gcc 1.0.1 39.18 OK
r-devel-windows-x86_64 1.0.1 2.00 44.00 46.00 OK
r-patched-linux-x86_64 1.0.1 2.09 23.45 25.54 OK
r-release-linux-x86_64 1.0.1 2.43 23.23 25.66 OK
r-release-macos-arm64 1.0.1 18.00 OK
r-release-macos-x86_64 1.0.1 29.00 OK
r-release-windows-x86_64 1.0.1 4.00 50.00 54.00 OK
r-oldrel-macos-arm64 1.0.1 17.00 OK
r-oldrel-macos-x86_64 1.0.1 24.00 OK
r-oldrel-windows-x86_64 1.0.1 3.00 44.00 47.00 OK

Check Details

Version: 1.0.1
Check: CRAN incoming feasibility
Result: NOTE Maintainer: ‘Thomas P. Fuller <thomas.fuller@coherentlogic.com>’ No Authors@R field in DESCRIPTION. Please add one, modifying Authors@R: person(given = c("Thomas", "P."), family = "Fuller", role = c("aut", "cre"), email = "thomas.fuller@coherentlogic.com") as necessary. Flavors: r-devel-linux-x86_64-debian-clang, r-devel-linux-x86_64-debian-gcc

These binaries (installable software) and packages are in development.
They may not be fully stable and should be used with caution. We make no claims about them.