Last updated on 2025-10-23 11:50:26 CEST.
Flavor | Version | Tinstall | Tcheck | Ttotal | Status | Flags |
---|---|---|---|---|---|---|
r-devel-linux-x86_64-debian-clang | 0.3.2 | 5.93 | 51.81 | 57.74 | NOTE | |
r-devel-linux-x86_64-debian-gcc | 0.3.2 | 4.23 | 38.62 | 42.85 | NOTE | |
r-devel-linux-x86_64-fedora-clang | 0.3.2 | 12.00 | 74.56 | 86.56 | NOTE | |
r-devel-linux-x86_64-fedora-gcc | 0.3.2 | 20.00 | 76.47 | 96.47 | NOTE | |
r-devel-windows-x86_64 | 0.3.2 | 7.00 | 69.00 | 76.00 | NOTE | |
r-patched-linux-x86_64 | 0.3.2 | 5.79 | 47.31 | 53.10 | NOTE | |
r-release-linux-x86_64 | 0.3.2 | 4.88 | 47.28 | 52.16 | NOTE | |
r-release-macos-arm64 | 0.3.2 | 3.00 | 34.00 | 37.00 | NOTE | |
r-release-macos-x86_64 | 0.3.2 | 5.00 | 56.00 | 61.00 | NOTE | |
r-release-windows-x86_64 | 0.3.2 | 7.00 | 71.00 | 78.00 | NOTE | |
r-oldrel-macos-arm64 | 0.3.2 | 3.00 | 32.00 | 35.00 | NOTE | |
r-oldrel-macos-x86_64 | 0.3.2 | 5.00 | 71.00 | 76.00 | NOTE | |
r-oldrel-windows-x86_64 | 0.3.2 | 10.00 | 81.00 | 91.00 | NOTE |
Version: 0.3.2
Check: Rd files
Result: NOTE
checkRd: (-1) read_ascii.Rd:33: Lost braces
33 | \item{respondent_pattern}{For use when the file does not contain a line for every card for every respondent (or contains extra lines that correspond to no respondent), a regular expression that matches the file's respondent identifier; e.g., if the respondent number is stored in the first four digits of each line, preceded by a space, "(?<=^\\s)\\d{4}".}
| ^
Flavors: r-devel-linux-x86_64-debian-clang, r-devel-linux-x86_64-debian-gcc, r-devel-linux-x86_64-fedora-clang, r-devel-linux-x86_64-fedora-gcc, r-devel-windows-x86_64, r-patched-linux-x86_64, r-release-linux-x86_64, r-release-macos-arm64, r-release-macos-x86_64, r-release-windows-x86_64, r-oldrel-macos-arm64, r-oldrel-macos-x86_64, r-oldrel-windows-x86_64
These binaries (installable software) and packages are in development.
They may not be fully stable and should be used with caution. We make no claims about them.