Last updated on 2025-05-08 04:52:17 CEST.
Flavor | Version | Tinstall | Tcheck | Ttotal | Status | Flags |
---|---|---|---|---|---|---|
r-devel-linux-x86_64-debian-clang | 0.1.6 | 24.01 | 27.39 | 51.40 | NOTE | |
r-devel-linux-x86_64-debian-gcc | 0.1.6 | 17.12 | 21.65 | 38.77 | NOTE | |
r-devel-linux-x86_64-fedora-clang | 0.1.6 | 92.04 | NOTE | |||
r-devel-linux-x86_64-fedora-gcc | 0.1.6 | 107.77 | NOTE | |||
r-devel-windows-x86_64 | 0.1.6 | 28.00 | 64.00 | 92.00 | NOTE | |
r-patched-linux-x86_64 | 0.1.6 | 21.80 | 26.22 | 48.02 | NOTE | |
r-release-linux-x86_64 | 0.1.6 | 23.97 | 26.08 | 50.05 | NOTE | |
r-release-macos-arm64 | 0.1.6 | 44.00 | NOTE | |||
r-release-macos-x86_64 | 0.1.6 | 66.00 | NOTE | |||
r-release-windows-x86_64 | 0.1.6 | 30.00 | 71.00 | 101.00 | NOTE | |
r-oldrel-macos-arm64 | 0.1.6 | 37.00 | NOTE | |||
r-oldrel-macos-x86_64 | 0.1.6 | 50.00 | NOTE | |||
r-oldrel-windows-x86_64 | 0.1.6 | 33.00 | 79.00 | 112.00 | NOTE |
Version: 0.1.6
Check: CRAN incoming feasibility
Result: NOTE
Maintainer: ‘Yi Pan <ypan1988@gmail.com>’
No Authors@R field in DESCRIPTION.
Please add one, modifying
Authors@R: person(given = "Yi",
family = "Pan",
role = c("aut", "cre"),
email = "ypan1988@gmail.com")
as necessary.
Flavors: r-devel-linux-x86_64-debian-clang, r-devel-linux-x86_64-debian-gcc
Version: 0.1.6
Check: C++ specification
Result: NOTE
Specified C++11: please drop specification unless essential
Flavors: r-devel-linux-x86_64-debian-clang, r-devel-linux-x86_64-debian-gcc, r-devel-linux-x86_64-fedora-clang, r-devel-linux-x86_64-fedora-gcc, r-devel-windows-x86_64, r-patched-linux-x86_64, r-release-linux-x86_64, r-release-macos-arm64, r-release-macos-x86_64, r-release-windows-x86_64, r-oldrel-macos-arm64, r-oldrel-macos-x86_64, r-oldrel-windows-x86_64
These binaries (installable software) and packages are in development.
They may not be fully stable and should be used with caution. We make no claims about them.