Last updated on 2025-05-07 15:49:28 CEST.
Flavor | Version | Tinstall | Tcheck | Ttotal | Status | Flags |
---|---|---|---|---|---|---|
r-devel-linux-x86_64-debian-clang | 1.0.3 | 7.94 | 55.19 | 63.13 | OK | |
r-devel-linux-x86_64-debian-gcc | 1.0.3 | 5.09 | 39.06 | 44.15 | OK | |
r-devel-linux-x86_64-fedora-clang | 1.0.3 | 89.49 | OK | |||
r-devel-linux-x86_64-fedora-gcc | 1.0.3 | 94.50 | OK | |||
r-devel-windows-x86_64 | 1.0.3 | 10.00 | 74.00 | 84.00 | OK | |
r-patched-linux-x86_64 | 1.0.3 | 7.29 | 51.94 | 59.23 | OK | |
r-release-linux-x86_64 | 1.0.3 | 7.50 | 52.10 | 59.60 | OK | |
r-release-macos-arm64 | 1.0.3 | 29.00 | OK | |||
r-release-macos-x86_64 | 1.0.3 | 50.00 | OK | |||
r-release-windows-x86_64 | 1.0.3 | 8.00 | 75.00 | 83.00 | OK | |
r-oldrel-macos-arm64 | 1.0.3 | 32.00 | NOTE | |||
r-oldrel-macos-x86_64 | 1.0.3 | 42.00 | NOTE | |||
r-oldrel-windows-x86_64 | 1.0.3 | 12.00 | 91.00 | 103.00 | NOTE |
Version: 1.0.3
Check: LazyData
Result: NOTE
'LazyData' is specified without a 'data' directory
Flavors: r-oldrel-macos-arm64, r-oldrel-macos-x86_64, r-oldrel-windows-x86_64
These binaries (installable software) and packages are in development.
They may not be fully stable and should be used with caution. We make no claims about them.