Last updated on 2025-02-19 17:51:03 CET.
Flavor | Version | Tinstall | Tcheck | Ttotal | Status | Flags |
---|---|---|---|---|---|---|
r-devel-linux-x86_64-debian-clang | 1.0.3 | 6.88 | 50.17 | 57.05 | OK | |
r-devel-linux-x86_64-debian-gcc | 1.0.3 | 4.65 | 36.19 | 40.84 | OK | |
r-devel-linux-x86_64-fedora-clang | 1.0.3 | 88.44 | OK | |||
r-devel-linux-x86_64-fedora-gcc | 1.0.3 | 82.35 | OK | |||
r-devel-macos-arm64 | 1.0.3 | 30.00 | OK | |||
r-devel-macos-x86_64 | 1.0.3 | 50.00 | OK | |||
r-devel-windows-x86_64 | 1.0.3 | 7.00 | 72.00 | 79.00 | OK | |
r-patched-linux-x86_64 | 1.0.3 | 6.77 | 46.36 | 53.13 | NOTE | |
r-release-linux-x86_64 | 1.0.3 | 5.65 | 46.59 | 52.24 | NOTE | |
r-release-macos-arm64 | 1.0.3 | 32.00 | NOTE | |||
r-release-macos-x86_64 | 1.0.3 | 42.00 | NOTE | |||
r-release-windows-x86_64 | 1.0.3 | 8.00 | 70.00 | 78.00 | NOTE | |
r-oldrel-macos-arm64 | 1.0.3 | 28.00 | NOTE | |||
r-oldrel-macos-x86_64 | 1.0.3 | 44.00 | NOTE | |||
r-oldrel-windows-x86_64 | 1.0.3 | 10.00 | 81.00 | 91.00 | NOTE |
Version: 1.0.3
Check: LazyData
Result: NOTE
'LazyData' is specified without a 'data' directory
Flavors: r-patched-linux-x86_64, r-release-linux-x86_64, r-release-macos-arm64, r-release-macos-x86_64, r-release-windows-x86_64, r-oldrel-macos-arm64, r-oldrel-macos-x86_64, r-oldrel-windows-x86_64
These binaries (installable software) and packages are in development.
They may not be fully stable and should be used with caution. We make no claims about them.