CRAN Package Check Results for Package roptions

Last updated on 2025-10-23 17:51:00 CEST.

Flavor Version Tinstall Tcheck Ttotal Status Flags
r-devel-linux-x86_64-debian-clang 1.0.3 7.41 68.14 75.55 OK
r-devel-linux-x86_64-debian-gcc 1.0.3 5.00 47.56 52.56 OK
r-devel-linux-x86_64-fedora-clang 1.0.3 17.00 99.09 116.09 OK
r-devel-linux-x86_64-fedora-gcc 1.0.3 30.00 82.49 112.49 OK
r-devel-windows-x86_64 1.0.3 9.00 83.00 92.00 OK
r-patched-linux-x86_64 1.0.3 9.25 64.76 74.01 OK
r-release-linux-x86_64 1.0.3 8.08 63.89 71.97 OK
r-release-macos-arm64 1.0.3 3.00 26.00 29.00 OK
r-release-macos-x86_64 1.0.3 6.00 44.00 50.00 OK
r-release-windows-x86_64 1.0.3 9.00 84.00 93.00 OK
r-oldrel-macos-arm64 1.0.3 3.00 29.00 32.00 NOTE
r-oldrel-macos-x86_64 1.0.3 5.00 37.00 42.00 NOTE
r-oldrel-windows-x86_64 1.0.3 13.00 103.00 116.00 NOTE

Check Details

Version: 1.0.3
Check: LazyData
Result: NOTE 'LazyData' is specified without a 'data' directory Flavors: r-oldrel-macos-arm64, r-oldrel-macos-x86_64, r-oldrel-windows-x86_64

These binaries (installable software) and packages are in development.
They may not be fully stable and should be used with caution. We make no claims about them.