CRAN Package Check Results for Package rorqual.morpho

Last updated on 2025-11-11 15:50:46 CET.

Flavor Version Tinstall Tcheck Ttotal Status Flags
r-devel-linux-x86_64-debian-clang 0.1.1 3.48 34.88 38.36 NOTE
r-devel-linux-x86_64-debian-gcc 0.1.1 2.74 26.26 29.00 NOTE
r-devel-linux-x86_64-fedora-clang 0.1.1 55.27 OK
r-devel-linux-x86_64-fedora-gcc 0.1.1 55.23 OK
r-devel-windows-x86_64 0.1.1 7.00 50.00 57.00 OK
r-patched-linux-x86_64 0.1.1 3.96 31.60 35.56 OK
r-release-linux-x86_64 0.1.1 2.75 31.51 34.26 OK
r-release-macos-arm64 0.1.1 2.00 19.00 21.00 OK
r-release-macos-x86_64 0.1.1 3.00 31.00 34.00 OK
r-release-windows-x86_64 0.1.1 6.00 49.00 55.00 OK
r-oldrel-macos-arm64 0.1.1 2.00 20.00 22.00 OK
r-oldrel-macos-x86_64 0.1.1 3.00 26.00 29.00 OK
r-oldrel-windows-x86_64 0.1.1 7.00 59.00 66.00 OK

Check Details

Version: 0.1.1
Check: DESCRIPTION meta-information
Result: NOTE Author field differs from that derived from Authors@R Author: ‘Max Czapanskiy [aut, cre] (0000-0002-6302-905X), Shirel Kahane-Rapport [aut] (<https://orcid.org/0000-0002-5208-1100>), Jeremy Goldbogen [aut] (<https://orcid.org/0000-0002-4170-7294>)’ Authors@R: ‘Max Czapanskiy [aut, cre] (ORCID-ID: 0000-0002-6302-905X), Shirel Kahane-Rapport [aut] (ORCID: <https://orcid.org/0000-0002-5208-1100>), Jeremy Goldbogen [aut] (ORCID: <https://orcid.org/0000-0002-4170-7294>)’ Flavors: r-devel-linux-x86_64-debian-clang, r-devel-linux-x86_64-debian-gcc

These binaries (installable software) and packages are in development.
They may not be fully stable and should be used with caution. We make no claims about them.