Last updated on 2025-05-23 01:51:09 CEST.
Flavor | Version | Tinstall | Tcheck | Ttotal | Status | Flags |
---|---|---|---|---|---|---|
r-devel-linux-x86_64-debian-clang | 0.3.12 | 14.65 | 101.27 | 115.92 | NOTE | |
r-devel-linux-x86_64-debian-gcc | 0.3.12 | 8.85 | 68.36 | 77.21 | NOTE | |
r-devel-linux-x86_64-fedora-clang | 0.3.12 | 183.90 | OK | |||
r-devel-linux-x86_64-fedora-gcc | 0.3.12 | 167.30 | OK | |||
r-devel-windows-x86_64 | 0.3.12 | 16.00 | 115.00 | 131.00 | NOTE | |
r-patched-linux-x86_64 | 0.3.12 | 15.84 | 92.00 | 107.84 | NOTE | |
r-release-linux-x86_64 | 0.3.12 | 13.93 | 91.26 | 105.19 | NOTE | |
r-release-macos-arm64 | 0.3.12 | 47.00 | OK | |||
r-release-macos-x86_64 | 0.3.12 | 100.00 | OK | |||
r-release-windows-x86_64 | 0.3.12 | 16.00 | 113.00 | 129.00 | NOTE | |
r-oldrel-macos-arm64 | 0.3.12 | 48.00 | OK | |||
r-oldrel-macos-x86_64 | 0.3.12 | 98.00 | OK | |||
r-oldrel-windows-x86_64 | 0.3.12 | 21.00 | 138.00 | 159.00 | OK |
Version: 0.3.12
Check: Rd cross-references
Result: NOTE
Found the following Rd file(s) with Rd \link{} targets missing package
anchors:
fanova.Rd: leveneTest, lmer, Anova
formatPvalue.Rd: noZero, formatCI
formatR.Rd: noZero, formatCI
ggBoxplot.Rd: ggplot, geom_boxplot
ggqq.Rd: ggplot
oneway.Rd: leveneTest
Please provide package anchors for all Rd \link{} targets not in the
package itself and the base packages.
Flavors: r-devel-linux-x86_64-debian-clang, r-devel-linux-x86_64-debian-gcc, r-devel-windows-x86_64, r-patched-linux-x86_64, r-release-linux-x86_64, r-release-windows-x86_64
These binaries (installable software) and packages are in development.
They may not be fully stable and should be used with caution. We make no claims about them.