Last updated on 2025-02-16 08:50:59 CET.
Flavor | Version | Tinstall | Tcheck | Ttotal | Status | Flags |
---|---|---|---|---|---|---|
r-devel-linux-x86_64-debian-clang | 0.3.12 | 12.60 | 91.71 | 104.31 | NOTE | |
r-devel-linux-x86_64-debian-gcc | 0.3.12 | 9.72 | 61.62 | 71.34 | NOTE | |
r-devel-linux-x86_64-fedora-clang | 0.3.12 | 182.79 | OK | |||
r-devel-linux-x86_64-fedora-gcc | 0.3.12 | 155.29 | OK | |||
r-devel-macos-arm64 | 0.3.12 | 50.00 | OK | |||
r-devel-macos-x86_64 | 0.3.12 | 100.00 | OK | |||
r-devel-windows-x86_64 | 0.3.12 | 16.00 | 105.00 | 121.00 | NOTE | |
r-patched-linux-x86_64 | 0.3.12 | 21.93 | 84.47 | 106.40 | OK | |
r-release-linux-x86_64 | 0.3.12 | 12.22 | 84.41 | 96.63 | OK | |
r-release-macos-arm64 | 0.3.12 | 48.00 | OK | |||
r-release-macos-x86_64 | 0.3.12 | 98.00 | OK | |||
r-release-windows-x86_64 | 0.3.12 | 15.00 | 107.00 | 122.00 | OK | |
r-oldrel-macos-arm64 | 0.3.12 | 48.00 | OK | |||
r-oldrel-macos-x86_64 | 0.3.12 | 73.00 | NOTE | |||
r-oldrel-windows-x86_64 | 0.3.12 | 18.00 | 123.00 | 141.00 | OK |
Version: 0.3.12
Check: Rd cross-references
Result: NOTE
Found the following Rd file(s) with Rd \link{} targets missing package
anchors:
fanova.Rd: leveneTest, lmer, Anova
formatPvalue.Rd: noZero, formatCI
formatR.Rd: noZero, formatCI
ggBoxplot.Rd: ggplot, geom_boxplot
ggqq.Rd: ggplot
oneway.Rd: leveneTest
Please provide package anchors for all Rd \link{} targets not in the
package itself and the base packages.
Flavors: r-devel-linux-x86_64-debian-clang, r-devel-linux-x86_64-debian-gcc, r-devel-windows-x86_64
Version: 0.3.12
Check: package dependencies
Result: NOTE
Package suggested but not available for checking: ‘MBESS’
Flavor: r-oldrel-macos-x86_64
These binaries (installable software) and packages are in development.
They may not be fully stable and should be used with caution. We make no claims about them.