Last updated on 2025-05-21 21:49:29 CEST.
Flavor | Version | Tinstall | Tcheck | Ttotal | Status | Flags |
---|---|---|---|---|---|---|
r-devel-linux-x86_64-debian-clang | 0.3.0 | 3.21 | 40.40 | 43.61 | NOTE | |
r-devel-linux-x86_64-debian-gcc | 0.3.0 | 2.46 | 30.43 | 32.89 | NOTE | |
r-devel-linux-x86_64-fedora-clang | 0.3.0 | 66.11 | NOTE | |||
r-devel-linux-x86_64-fedora-gcc | 0.3.0 | 62.74 | NOTE | |||
r-devel-windows-x86_64 | 0.3.0 | 5.00 | 65.00 | 70.00 | NOTE | |
r-patched-linux-x86_64 | 0.3.0 | 3.22 | 37.65 | 40.87 | NOTE | |
r-release-linux-x86_64 | 0.3.0 | 3.02 | 37.28 | 40.30 | NOTE | |
r-release-macos-arm64 | 0.3.0 | 26.00 | NOTE | |||
r-release-macos-x86_64 | 0.3.0 | 49.00 | NOTE | |||
r-release-windows-x86_64 | 0.3.0 | 5.00 | 57.00 | 62.00 | NOTE | |
r-oldrel-macos-arm64 | 0.3.0 | 25.00 | NOTE | |||
r-oldrel-macos-x86_64 | 0.3.0 | 34.00 | NOTE | |||
r-oldrel-windows-x86_64 | 0.3.0 | 5.00 | 64.00 | 69.00 | NOTE |
Version: 0.3.0
Check: Rd files
Result: NOTE
checkRd: (-1) osm_url_spec.Rd:23: Lost braces; missing escapes or markup?
23 | \item{server_url}{A url using `{x}`, `{y}`, and `{z}` for the x, y, and
| ^
checkRd: (-1) osm_url_spec.Rd:23: Lost braces; missing escapes or markup?
23 | \item{server_url}{A url using `{x}`, `{y}`, and `{z}` for the x, y, and
| ^
checkRd: (-1) osm_url_spec.Rd:23: Lost braces; missing escapes or markup?
23 | \item{server_url}{A url using `{x}`, `{y}`, and `{z}` for the x, y, and
| ^
Flavors: r-devel-linux-x86_64-debian-clang, r-devel-linux-x86_64-debian-gcc, r-devel-linux-x86_64-fedora-clang, r-devel-linux-x86_64-fedora-gcc, r-devel-windows-x86_64, r-patched-linux-x86_64, r-release-linux-x86_64, r-release-macos-arm64, r-release-macos-x86_64, r-release-windows-x86_64, r-oldrel-macos-arm64, r-oldrel-macos-x86_64, r-oldrel-windows-x86_64
These binaries (installable software) and packages are in development.
They may not be fully stable and should be used with caution. We make no claims about them.