Last updated on 2025-10-23 23:49:43 CEST.
| Flavor | Version | Tinstall | Tcheck | Ttotal | Status | Flags |
|---|---|---|---|---|---|---|
| r-devel-linux-x86_64-debian-clang | 0.3.0 | 3.57 | 42.03 | 45.60 | NOTE | |
| r-devel-linux-x86_64-debian-gcc | 0.3.0 | 2.13 | 30.19 | 32.32 | NOTE | |
| r-devel-linux-x86_64-fedora-clang | 0.3.0 | 67.12 | NOTE | |||
| r-devel-linux-x86_64-fedora-gcc | 0.3.0 | 12.00 | 52.11 | 64.11 | NOTE | |
| r-devel-windows-x86_64 | 0.3.0 | 5.00 | 55.00 | 60.00 | NOTE | |
| r-patched-linux-x86_64 | 0.3.0 | 3.42 | 38.95 | 42.37 | NOTE | |
| r-release-linux-x86_64 | 0.3.0 | 3.40 | 39.09 | 42.49 | NOTE | |
| r-release-macos-arm64 | 0.3.0 | 2.00 | 24.00 | 26.00 | NOTE | |
| r-release-macos-x86_64 | 0.3.0 | 3.00 | 46.00 | 49.00 | NOTE | |
| r-release-windows-x86_64 | 0.3.0 | 5.00 | 58.00 | 63.00 | NOTE | |
| r-oldrel-macos-arm64 | 0.3.0 | 2.00 | 23.00 | 25.00 | NOTE | |
| r-oldrel-macos-x86_64 | 0.3.0 | 3.00 | 31.00 | 34.00 | NOTE | |
| r-oldrel-windows-x86_64 | 0.3.0 | 6.00 | 66.00 | 72.00 | NOTE |
Version: 0.3.0
Check: Rd files
Result: NOTE
checkRd: (-1) osm_url_spec.Rd:23: Lost braces; missing escapes or markup?
23 | \item{server_url}{A url using `{x}`, `{y}`, and `{z}` for the x, y, and
| ^
checkRd: (-1) osm_url_spec.Rd:23: Lost braces; missing escapes or markup?
23 | \item{server_url}{A url using `{x}`, `{y}`, and `{z}` for the x, y, and
| ^
checkRd: (-1) osm_url_spec.Rd:23: Lost braces; missing escapes or markup?
23 | \item{server_url}{A url using `{x}`, `{y}`, and `{z}` for the x, y, and
| ^
Flavors: r-devel-linux-x86_64-debian-clang, r-devel-linux-x86_64-debian-gcc, r-devel-linux-x86_64-fedora-clang, r-devel-linux-x86_64-fedora-gcc, r-devel-windows-x86_64, r-patched-linux-x86_64, r-release-linux-x86_64, r-release-macos-arm64, r-release-macos-x86_64, r-release-windows-x86_64, r-oldrel-macos-arm64, r-oldrel-macos-x86_64, r-oldrel-windows-x86_64
Version: 0.3.0
Check: HTML version of manual
Result: NOTE
Found the following HTML validation problems:
deprecated.html:223:1 (deprecated.Rd:167): Warning: missing </ul> before </div>
Flavor: r-devel-linux-x86_64-debian-clang
These binaries (installable software) and packages are in development.
They may not be fully stable and should be used with caution. We make no claims about them.