Last updated on 2025-10-23 21:51:39 CEST.
Flavor | Version | Tinstall | Tcheck | Ttotal | Status | Flags |
---|---|---|---|---|---|---|
r-devel-linux-x86_64-debian-clang | 0.1.0 | 2.02 | 29.68 | 31.70 | NOTE | |
r-devel-linux-x86_64-debian-gcc | 0.1.0 | 1.56 | 23.70 | 25.26 | OK | |
r-devel-linux-x86_64-fedora-clang | 0.1.0 | 45.88 | OK | |||
r-devel-linux-x86_64-fedora-gcc | 0.1.0 | 58.74 | OK | |||
r-devel-windows-x86_64 | 0.1.0 | 3.00 | 47.00 | 50.00 | OK | |
r-patched-linux-x86_64 | 0.1.0 | 1.77 | 26.63 | 28.40 | OK | |
r-release-linux-x86_64 | 0.1.0 | 1.95 | 26.60 | 28.55 | OK | |
r-release-macos-arm64 | 0.1.0 | 1.00 | 27.00 | 28.00 | OK | |
r-release-macos-x86_64 | 0.1.0 | 2.00 | 41.00 | 43.00 | OK | |
r-release-windows-x86_64 | 0.1.0 | 4.00 | 48.00 | 52.00 | OK | |
r-oldrel-macos-arm64 | 0.1.0 | 1.00 | 20.00 | 21.00 | OK | |
r-oldrel-macos-x86_64 | 0.1.0 | 2.00 | 37.00 | 39.00 | OK | |
r-oldrel-windows-x86_64 | 0.1.0 | 5.00 | 54.00 | 59.00 | OK |
Version: 0.1.0
Check: HTML version of manual
Result: NOTE
Found the following HTML validation problems:
file_formats.html:101:1 (file_formats.Rd:55): Warning: missing </ul> before </div>
Flavor: r-devel-linux-x86_64-debian-clang
These binaries (installable software) and packages are in development.
They may not be fully stable and should be used with caution. We make no claims about them.