Last updated on 2025-05-21 21:49:29 CEST.
Flavor | Version | Tinstall | Tcheck | Ttotal | Status | Flags |
---|---|---|---|---|---|---|
r-devel-linux-x86_64-debian-clang | 1.1.5 | 18.65 | 31.41 | 50.06 | NOTE | |
r-devel-linux-x86_64-debian-gcc | 1.1.5 | 12.07 | 24.31 | 36.38 | NOTE | |
r-devel-linux-x86_64-fedora-clang | 1.1.5 | 88.16 | OK | |||
r-devel-linux-x86_64-fedora-gcc | 1.1.5 | 81.18 | OK | |||
r-devel-windows-x86_64 | 1.1.5 | 23.00 | 81.00 | 104.00 | OK | |
r-patched-linux-x86_64 | 1.1.5 | 16.96 | 29.78 | 46.74 | OK | |
r-release-linux-x86_64 | 1.1.5 | 18.21 | 29.86 | 48.07 | OK | |
r-release-macos-arm64 | 1.1.5 | 29.00 | OK | |||
r-release-macos-x86_64 | 1.1.5 | 45.00 | OK | |||
r-release-windows-x86_64 | 1.1.5 | 25.00 | 86.00 | 111.00 | OK | |
r-oldrel-macos-arm64 | 1.1.5 | 28.00 | OK | |||
r-oldrel-macos-x86_64 | 1.1.5 | 36.00 | OK | |||
r-oldrel-windows-x86_64 | 1.1.5 | 27.00 | 87.00 | 114.00 | OK |
Version: 1.1.5
Check: CRAN incoming feasibility
Result: NOTE
Maintainer: ‘Eduardo García-Portugués <edgarcia@est-econ.uc3m.es>’
The BugReports field in DESCRIPTION has
https://github.com/egarpor/rotasym
which should likely be
https://github.com/egarpor/rotasym/issues
instead.
Flavors: r-devel-linux-x86_64-debian-clang, r-devel-linux-x86_64-debian-gcc
These binaries (installable software) and packages are in development.
They may not be fully stable and should be used with caution. We make no claims about them.